Last updated on 2025-02-10 03:49:24 CET.
Flavor | Version | Tinstall | Tcheck | Ttotal | Status | Flags |
---|---|---|---|---|---|---|
r-devel-linux-x86_64-debian-clang | 0.3.2 | 2.32 | 65.38 | 67.70 | NOTE | |
r-devel-linux-x86_64-debian-gcc | 0.3.2 | 1.64 | 44.37 | 46.01 | NOTE | |
r-devel-linux-x86_64-fedora-clang | 0.3.2 | 122.56 | NOTE | |||
r-devel-linux-x86_64-fedora-gcc | 0.3.2 | 121.89 | NOTE | |||
r-devel-windows-x86_64 | 0.3.2 | 4.00 | 79.00 | 83.00 | NOTE | |
r-patched-linux-x86_64 | 0.3.2 | 2.42 | 61.29 | 63.71 | NOTE | |
r-release-linux-x86_64 | 0.3.2 | 1.92 | 60.59 | 62.51 | NOTE | |
r-release-macos-arm64 | 0.3.2 | 40.00 | NOTE | |||
r-release-macos-x86_64 | 0.3.2 | 61.00 | NOTE | |||
r-release-windows-x86_64 | 0.3.2 | 4.00 | 82.00 | 86.00 | NOTE | |
r-oldrel-macos-arm64 | 0.3.2 | 46.00 | NOTE | |||
r-oldrel-macos-x86_64 | 0.3.2 | 72.00 | NOTE | |||
r-oldrel-windows-x86_64 | 0.3.2 | 4.00 | 98.00 | 102.00 | NOTE |
Version: 0.3.2
Check: package subdirectories
Result: NOTE
Problems with news in ‘NEWS.md’:
Cannot extract version info from the following section titles:
Initial version.
Flavors: r-devel-linux-x86_64-debian-clang, r-devel-linux-x86_64-debian-gcc, r-devel-linux-x86_64-fedora-clang, r-devel-linux-x86_64-fedora-gcc, r-devel-windows-x86_64, r-patched-linux-x86_64, r-release-linux-x86_64, r-release-macos-arm64, r-release-macos-x86_64, r-release-windows-x86_64, r-oldrel-macos-arm64, r-oldrel-macos-x86_64, r-oldrel-windows-x86_64