CRAN Package Check Results for Package mcmcOutput

Last updated on 2025-02-04 05:50:24 CET.

Flavor Version Tinstall Tcheck Ttotal Status Flags
r-devel-linux-x86_64-debian-clang 0.1.3 3.46 35.30 38.76 NOTE
r-devel-linux-x86_64-debian-gcc 0.1.3 2.59 26.28 28.87 NOTE
r-devel-linux-x86_64-fedora-clang 0.1.3 64.62 OK
r-devel-linux-x86_64-fedora-gcc 0.1.3 61.05 OK
r-devel-windows-x86_64 0.1.3 4.00 84.00 88.00 NOTE
r-patched-linux-x86_64 0.1.3 4.11 33.19 37.30 OK
r-release-linux-x86_64 0.1.3 3.45 33.77 37.22 OK
r-release-macos-arm64 0.1.3 22.00 OK
r-release-macos-x86_64 0.1.3 40.00 OK
r-release-windows-x86_64 0.1.3 4.00 70.00 74.00 OK
r-oldrel-macos-arm64 0.1.3 24.00 OK
r-oldrel-macos-x86_64 0.1.3 35.00 OK
r-oldrel-windows-x86_64 0.1.3 5.00 70.00 75.00 OK

Check Details

Version: 0.1.3
Check: Rd cross-references
Result: NOTE Found the following Rd file(s) with Rd \link{} targets missing package anchors: method_plot.Rd: hdi Please provide package anchors for all Rd \link{} targets not in the package itself and the base packages. Flavors: r-devel-linux-x86_64-debian-clang, r-devel-linux-x86_64-debian-gcc, r-devel-windows-x86_64