Last updated on 2024-08-17 05:49:27 CEST.
Flavor | Version | Tinstall | Tcheck | Ttotal | Status | Flags |
---|---|---|---|---|---|---|
r-devel-linux-x86_64-debian-clang | 1.3.0 | 23.98 | 219.36 | 243.34 | WARN | |
r-devel-linux-x86_64-debian-gcc | 1.3.0 | 19.47 | 135.62 | 155.09 | OK | |
r-devel-linux-x86_64-fedora-clang | 1.3.0 | 384.50 | WARN | |||
r-devel-linux-x86_64-fedora-gcc | 1.3.0 | 400.45 | OK | |||
r-devel-windows-x86_64 | 1.3.0 | 42.00 | 218.00 | 260.00 | OK | |
r-patched-linux-x86_64 | 1.3.0 | 26.68 | 208.61 | 235.29 | OK | |
r-release-linux-x86_64 | 1.3.0 | 23.81 | 205.80 | 229.61 | OK | |
r-release-macos-arm64 | 1.3.0 | 133.00 | OK | |||
r-release-macos-x86_64 | 1.3.0 | 200.00 | OK | |||
r-release-windows-x86_64 | 1.3.0 | 42.00 | 213.00 | 255.00 | OK | |
r-oldrel-macos-arm64 | 1.3.0 | 141.00 | OK | |||
r-oldrel-macos-x86_64 | 1.3.0 | 352.00 | OK | |||
r-oldrel-windows-x86_64 | 1.3.0 | 41.00 | 284.00 | 325.00 | OK |
Version: 1.3.0
Check: whether package can be installed
Result: WARN
Found the following significant warnings:
./rowRanksWithTies_lowlevel_template.h:135:2: warning: embedding a directive within macro arguments has undefined behavior [-Wembedded-directive]
./rowRanksWithTies_lowlevel_template.h:137:2: warning: embedding a directive within macro arguments has undefined behavior [-Wembedded-directive]
./rowRanksWithTies_lowlevel_template.h:148:2: warning: embedding a directive within macro arguments has undefined behavior [-Wembedded-directive]
./rowRanksWithTies_lowlevel_template.h:150:2: warning: embedding a directive within macro arguments has undefined behavior [-Wembedded-directive]
./rowRanksWithTies_lowlevel_template.h:139:2: warning: embedding a directive within macro arguments has undefined behavior [-Wembedded-directive]
./rowRanksWithTies_lowlevel_template.h:152:2: warning: embedding a directive within macro arguments has undefined behavior [-Wembedded-directive]
See ‘/home/hornik/tmp/R.check/r-devel-clang/Work/PKGS/matrixStats.Rcheck/00install.out’ for details.
* used C compiler: ‘Debian clang version 18.1.8 (9)’
Flavor: r-devel-linux-x86_64-debian-clang
Version: 1.3.0
Check: whether package can be installed
Result: WARN
Found the following significant warnings:
./rowRanksWithTies_lowlevel_template.h:135:2: warning: embedding a directive within macro arguments has undefined behavior [-Wembedded-directive]
./rowRanksWithTies_lowlevel_template.h:137:2: warning: embedding a directive within macro arguments has undefined behavior [-Wembedded-directive]
./rowRanksWithTies_lowlevel_template.h:148:2: warning: embedding a directive within macro arguments has undefined behavior [-Wembedded-directive]
./rowRanksWithTies_lowlevel_template.h:150:2: warning: embedding a directive within macro arguments has undefined behavior [-Wembedded-directive]
./rowRanksWithTies_lowlevel_template.h:139:2: warning: embedding a directive within macro arguments has undefined behavior [-Wembedded-directive]
./rowRanksWithTies_lowlevel_template.h:152:2: warning: embedding a directive within macro arguments has undefined behavior [-Wembedded-directive]
See ‘/data/gannet/ripley/R/packages/tests-clang/matrixStats.Rcheck/00install.out’ for details.
* used C compiler: ‘clang version 18.1.8’
Flavor: r-devel-linux-x86_64-fedora-clang