Last updated on 2024-08-18 04:48:16 CEST.
Flavor | Version | Tinstall | Tcheck | Ttotal | Status | Flags |
---|---|---|---|---|---|---|
r-devel-linux-x86_64-debian-clang | 0.3.2 | 22.26 | 47.27 | 69.53 | NOTE | |
r-devel-linux-x86_64-debian-gcc | 0.3.2 | 14.18 | 34.72 | 48.90 | NOTE | |
r-devel-linux-x86_64-fedora-clang | 0.3.2 | 122.06 | OK | |||
r-devel-linux-x86_64-fedora-gcc | 0.3.2 | 129.18 | OK | |||
r-devel-windows-x86_64 | 0.3.2 | 25.00 | 81.00 | 106.00 | NOTE | |
r-patched-linux-x86_64 | 0.3.2 | 25.86 | 46.00 | 71.86 | OK | |
r-release-linux-x86_64 | 0.3.2 | 21.31 | 44.83 | 66.14 | OK | |
r-release-macos-arm64 | 0.3.2 | 37.00 | OK | |||
r-release-macos-x86_64 | 0.3.2 | 51.00 | OK | |||
r-release-windows-x86_64 | 0.3.2 | 27.00 | 78.00 | 105.00 | OK | |
r-oldrel-macos-arm64 | 0.3.2 | 40.00 | OK | |||
r-oldrel-macos-x86_64 | 0.3.2 | 64.00 | OK | |||
r-oldrel-windows-x86_64 | 0.3.2 | 31.00 | 89.00 | 120.00 | OK |
Version: 0.3.2
Check: Rd cross-references
Result: NOTE
Found the following Rd file(s) with Rd \link{} targets missing package
anchors:
kNearNeighbors.Rd: knn.dist
Please provide package anchors for all Rd \link{} targets not in the
package itself and the base packages.
Flavors: r-devel-linux-x86_64-debian-clang, r-devel-linux-x86_64-debian-gcc, r-devel-windows-x86_64