Last updated on 2024-08-17 05:49:26 CEST.
Flavor | Version | Tinstall | Tcheck | Ttotal | Status | Flags |
---|---|---|---|---|---|---|
r-devel-linux-x86_64-debian-clang | 0.4.1 | 130.52 | 295.57 | 426.09 | NOTE | |
r-devel-linux-x86_64-debian-gcc | 0.4.1 | 92.54 | 216.74 | 309.28 | NOTE | |
r-devel-linux-x86_64-fedora-clang | 0.4.1 | 760.40 | NOTE | |||
r-devel-linux-x86_64-fedora-gcc | 0.4.1 | 769.28 | NOTE | |||
r-devel-windows-x86_64 | 0.4.1 | 130.00 | 300.00 | 430.00 | NOTE | |
r-patched-linux-x86_64 | 0.4.1 | 129.50 | 287.18 | 416.68 | NOTE | |
r-release-linux-x86_64 | 0.4.1 | 127.88 | 288.28 | 416.16 | NOTE | |
r-release-macos-arm64 | 0.4.1 | 285.00 | NOTE | |||
r-release-macos-x86_64 | 0.4.1 | 271.00 | NOTE | |||
r-release-windows-x86_64 | 0.4.1 | 127.00 | 314.00 | 441.00 | NOTE | |
r-oldrel-macos-arm64 | 0.4.1 | 110.00 | NOTE | |||
r-oldrel-macos-x86_64 | 0.4.1 | 168.00 | NOTE | |||
r-oldrel-windows-x86_64 | 0.4.1 | 127.00 | 365.00 | 492.00 | NOTE |
Version: 0.4.1
Check: for GNU extensions in Makefiles
Result: NOTE
GNU make is a SystemRequirements.
Flavors: r-devel-linux-x86_64-debian-clang, r-devel-linux-x86_64-debian-gcc, r-devel-linux-x86_64-fedora-clang, r-devel-linux-x86_64-fedora-gcc, r-devel-windows-x86_64, r-patched-linux-x86_64, r-release-linux-x86_64, r-release-macos-arm64, r-release-macos-x86_64, r-release-windows-x86_64, r-oldrel-macos-arm64, r-oldrel-macos-x86_64, r-oldrel-windows-x86_64
Version: 0.4.1
Check: installed package size
Result: NOTE
installed size is 7.6Mb
sub-directories of 1Mb or more:
R 2.7Mb
data 2.4Mb
Flavors: r-devel-linux-x86_64-fedora-clang, r-devel-windows-x86_64, r-release-macos-arm64, r-release-macos-x86_64, r-release-windows-x86_64, r-oldrel-macos-arm64, r-oldrel-macos-x86_64, r-oldrel-windows-x86_64