Last updated on 2024-07-18 04:50:19 CEST.
Flavor | Version | Tinstall | Tcheck | Ttotal | Status | Flags |
---|---|---|---|---|---|---|
r-devel-linux-x86_64-debian-clang | 1.4.1 | 51.99 | 479.52 | 531.51 | OK | |
r-devel-linux-x86_64-debian-gcc | 1.4.1 | 37.07 | 338.51 | 375.58 | OK | |
r-devel-linux-x86_64-fedora-clang | 1.4.1 | 664.99 | NOTE | |||
r-devel-linux-x86_64-fedora-gcc | 1.4.1 | 615.61 | NOTE | |||
r-devel-windows-x86_64 | 1.4.1 | 39.00 | 302.00 | 341.00 | NOTE | |
r-patched-linux-x86_64 | 1.4.1 | 41.62 | 452.62 | 494.24 | OK | |
r-release-linux-x86_64 | 1.4.1 | 33.14 | 451.48 | 484.62 | OK | |
r-release-macos-arm64 | 1.4.1 | 157.00 | OK | |||
r-release-macos-x86_64 | 1.4.1 | 277.00 | OK | |||
r-release-windows-x86_64 | 1.4.1 | 40.00 | 297.00 | 337.00 | OK | |
r-oldrel-macos-arm64 | 1.4.1 | 188.00 | OK | |||
r-oldrel-macos-x86_64 | 1.4.1 | 320.00 | OK | |||
r-oldrel-windows-x86_64 | 1.4.1 | 53.00 | 395.00 | 448.00 | OK |
Version: 1.4.1
Check: data for non-ASCII characters
Result: NOTE
Note: found 25892 marked UTF-8 strings
Flavors: r-devel-linux-x86_64-fedora-clang, r-devel-linux-x86_64-fedora-gcc
Version: 1.4.1
Check: Rd cross-references
Result: NOTE
Found the following Rd file(s) with Rd \link{} targets missing package
anchors:
DE.Rd: st_crs
EU.Rd: st_crs
FR.Rd: st_crs
IT.Rd: st_crs
UK.Rd: st_crs
US.Rd: st_crs
WR.Rd: st_crs
loadCoordDE.Rd: st_crs
loadCoordEU.Rd: st_crs
loadCoordFR.Rd: st_crs
loadCoordIT.Rd: st_crs
loadCoordUK.Rd: st_crs
loadCoordUS.Rd: st_crs
loadCoordWR.Rd: st_crs
mapping.options.Rd: tm_layout, tm_borders, tm_fill, tm_style
Please provide package anchors for all Rd \link{} targets not in the
package itself and the base packages.
Flavor: r-devel-windows-x86_64