Last updated on 2024-08-18 04:48:16 CEST.
Flavor | Version | Tinstall | Tcheck | Ttotal | Status | Flags |
---|---|---|---|---|---|---|
r-devel-linux-x86_64-debian-clang | 1.0.0 | 62.10 | 85.32 | 147.42 | OK | |
r-devel-linux-x86_64-debian-gcc | 1.0.0 | 51.43 | 63.06 | 114.49 | OK | |
r-devel-linux-x86_64-fedora-clang | 1.0.0 | 252.43 | OK | |||
r-devel-linux-x86_64-fedora-gcc | 1.0.0 | 277.13 | OK | |||
r-devel-windows-x86_64 | 1.0.0 | 67.00 | 124.00 | 191.00 | OK | |
r-patched-linux-x86_64 | 1.0.0 | 77.24 | 82.43 | 159.67 | OK | |
r-release-linux-x86_64 | 1.0.0 | 74.26 | 80.40 | 154.66 | OK | |
r-release-macos-arm64 | 1.0.0 | 68.00 | NOTE | |||
r-release-macos-x86_64 | 1.0.0 | 92.00 | NOTE | |||
r-release-windows-x86_64 | 1.0.0 | 69.00 | 133.00 | 202.00 | OK | |
r-oldrel-macos-arm64 | 1.0.0 | 80.00 | NOTE | |||
r-oldrel-macos-x86_64 | 1.0.0 | 141.00 | NOTE | |||
r-oldrel-windows-x86_64 | 1.0.0 | 85.00 | 149.00 | 234.00 | OK |
Version: 1.0.0
Check: installed package size
Result: NOTE
installed size is 5.8Mb
sub-directories of 1Mb or more:
libs 5.1Mb
Flavors: r-release-macos-arm64, r-release-macos-x86_64, r-oldrel-macos-arm64, r-oldrel-macos-x86_64