Last updated on 2024-08-17 05:49:26 CEST.
Flavor | Version | Tinstall | Tcheck | Ttotal | Status | Flags |
---|---|---|---|---|---|---|
r-devel-linux-x86_64-debian-clang | 2.3.1 | 12.68 | 19.84 | 32.52 | OK | |
r-devel-linux-x86_64-debian-gcc | 2.3.1 | 9.39 | 16.10 | 25.49 | OK | |
r-devel-linux-x86_64-fedora-clang | 2.3.1 | 52.56 | NOTE | |||
r-devel-linux-x86_64-fedora-gcc | 2.3.1 | 50.77 | OK | |||
r-devel-windows-x86_64 | 2.3.1 | 20.00 | 41.00 | 61.00 | NOTE | |
r-patched-linux-x86_64 | 2.3.1 | 12.23 | 18.63 | 30.86 | OK | |
r-release-linux-x86_64 | 2.3.1 | 9.99 | 19.03 | 29.02 | OK | |
r-release-macos-arm64 | 2.3.1 | 26.00 | NOTE | |||
r-release-macos-x86_64 | 2.3.1 | 38.00 | NOTE | |||
r-release-windows-x86_64 | 2.3.1 | 25.00 | 42.00 | 67.00 | NOTE | |
r-oldrel-macos-arm64 | 2.3.1 | 28.00 | NOTE | |||
r-oldrel-macos-x86_64 | 2.3.1 | 46.00 | NOTE | |||
r-oldrel-windows-x86_64 | 2.3.1 | 27.00 | 42.00 | 69.00 | NOTE |
Version: 2.3.1
Check: installed package size
Result: NOTE
installed size is 33.6Mb
sub-directories of 1Mb or more:
mapdata 33.4Mb
Flavors: r-devel-linux-x86_64-fedora-clang, r-devel-windows-x86_64, r-release-macos-arm64, r-release-macos-x86_64, r-release-windows-x86_64, r-oldrel-macos-arm64, r-oldrel-macos-x86_64, r-oldrel-windows-x86_64