Last updated on 2024-08-17 05:49:26 CEST.
Flavor | Version | Tinstall | Tcheck | Ttotal | Status | Flags |
---|---|---|---|---|---|---|
r-devel-linux-x86_64-debian-clang | 3.6.4 | 14.76 | 195.10 | 209.86 | NOTE | |
r-devel-linux-x86_64-debian-gcc | 3.6.4 | 11.67 | 133.95 | 145.62 | NOTE | |
r-devel-linux-x86_64-fedora-clang | 3.6.4 | 338.27 | NOTE | |||
r-devel-linux-x86_64-fedora-gcc | 3.6.4 | 345.54 | NOTE | |||
r-devel-windows-x86_64 | 3.6.4 | 18.00 | 212.00 | 230.00 | NOTE | |
r-patched-linux-x86_64 | 3.6.4 | 17.72 | 185.10 | 202.82 | NOTE | |
r-release-linux-x86_64 | 3.6.4 | 15.15 | 184.63 | 199.78 | NOTE | |
r-release-macos-arm64 | 3.6.4 | 104.00 | NOTE | |||
r-release-macos-x86_64 | 3.6.4 | 179.00 | NOTE | |||
r-release-windows-x86_64 | 3.6.4 | 17.00 | 210.00 | 227.00 | NOTE | |
r-oldrel-macos-arm64 | 3.6.4 | 117.00 | OK | |||
r-oldrel-macos-x86_64 | 3.6.4 | 270.00 | OK | |||
r-oldrel-windows-x86_64 | 3.6.4 | 21.00 | 259.00 | 280.00 | OK |
Version: 3.6.4
Check: Rd files
Result: NOTE
checkRd: (-1) toolAggregate.Rd:49: Lost braces; missing escapes or markup?
49 | If {rel} is missing \code{to} refers to the aggregation target dimension name.}
| ^
checkRd: (-1) toolGetMapping.Rd:18: Lost braces
18 | and rda (which needs to have the data stored with the object name "data"!). Use code{\link{toolConvertMapping}}
| ^
Flavors: r-devel-linux-x86_64-debian-clang, r-devel-linux-x86_64-debian-gcc, r-devel-linux-x86_64-fedora-clang, r-devel-linux-x86_64-fedora-gcc, r-devel-windows-x86_64, r-patched-linux-x86_64, r-release-linux-x86_64, r-release-macos-arm64, r-release-macos-x86_64, r-release-windows-x86_64