Last updated on 2024-08-17 05:49:26 CEST.
Flavor | Version | Tinstall | Tcheck | Ttotal | Status | Flags |
---|---|---|---|---|---|---|
r-devel-linux-x86_64-debian-clang | 0.4.0 | 36.52 | 291.97 | 328.49 | NOTE | |
r-devel-linux-x86_64-debian-gcc | 0.4.0 | 24.07 | 183.08 | 207.15 | NOTE | |
r-devel-linux-x86_64-fedora-clang | 0.4.0 | 533.67 | NOTE | |||
r-devel-linux-x86_64-fedora-gcc | 0.4.0 | 500.79 | NOTE | |||
r-devel-windows-x86_64 | 0.4.0 | 36.00 | 238.00 | 274.00 | NOTE | |
r-patched-linux-x86_64 | 0.4.0 | 37.40 | 276.62 | 314.02 | NOTE | |
r-release-linux-x86_64 | 0.4.0 | 37.24 | 274.60 | 311.84 | NOTE | |
r-release-macos-arm64 | 0.4.0 | 111.00 | NOTE | |||
r-release-macos-x86_64 | 0.4.0 | 210.00 | NOTE | |||
r-release-windows-x86_64 | 0.4.0 | 34.00 | 266.00 | 300.00 | NOTE | |
r-oldrel-macos-arm64 | 0.4.0 | 115.00 | NOTE | |||
r-oldrel-macos-x86_64 | 0.4.0 | 282.00 | NOTE | |||
r-oldrel-windows-x86_64 | 0.4.0 | 48.00 | 314.00 | 362.00 | NOTE |
Version: 0.4.0
Check: package dependencies
Result: NOTE
Package suggested but not available for checking: ‘rnaturalearthhires’
Flavors: r-devel-linux-x86_64-debian-clang, r-devel-linux-x86_64-debian-gcc, r-devel-linux-x86_64-fedora-clang, r-devel-linux-x86_64-fedora-gcc, r-devel-windows-x86_64, r-patched-linux-x86_64, r-release-linux-x86_64, r-release-macos-arm64, r-release-macos-x86_64, r-release-windows-x86_64, r-oldrel-macos-arm64, r-oldrel-macos-x86_64, r-oldrel-windows-x86_64