Last updated on 2025-02-10 03:49:25 CET.
Flavor | Version | Tinstall | Tcheck | Ttotal | Status | Flags |
---|---|---|---|---|---|---|
r-devel-linux-x86_64-debian-clang | 3.4.0 | 4.61 | 30.95 | 35.56 | OK | |
r-devel-linux-x86_64-debian-gcc | 3.4.0 | 2.82 | 21.93 | 24.75 | OK | |
r-devel-linux-x86_64-fedora-clang | 3.4.0 | 60.70 | NOTE | |||
r-devel-linux-x86_64-fedora-gcc | 3.4.0 | 52.91 | NOTE | |||
r-devel-windows-x86_64 | 3.4.0 | 6.00 | 62.00 | 68.00 | OK | |
r-patched-linux-x86_64 | 3.4.0 | 4.10 | 29.49 | 33.59 | NOTE | |
r-release-linux-x86_64 | 3.4.0 | 4.56 | 29.56 | 34.12 | NOTE | |
r-release-macos-arm64 | 3.4.0 | 18.00 | NOTE | |||
r-release-macos-x86_64 | 3.4.0 | 27.00 | NOTE | |||
r-release-windows-x86_64 | 3.4.0 | 6.00 | 55.00 | 61.00 | NOTE | |
r-oldrel-macos-arm64 | 3.4.0 | 19.00 | NOTE | |||
r-oldrel-macos-x86_64 | 3.4.0 | 28.00 | NOTE | |||
r-oldrel-windows-x86_64 | 3.4.0 | 6.00 | 59.00 | 65.00 | NOTE |
Version: 3.4.0
Check: dependencies in R code
Result: NOTE
Namespace in Imports field not imported from: ‘utils’
All declared Imports should be used.
Flavors: r-devel-linux-x86_64-fedora-clang, r-devel-linux-x86_64-fedora-gcc
Version: 3.4.0
Check: LazyData
Result: NOTE
'LazyData' is specified without a 'data' directory
Flavors: r-patched-linux-x86_64, r-release-linux-x86_64, r-release-macos-arm64, r-release-macos-x86_64, r-release-windows-x86_64, r-oldrel-macos-arm64, r-oldrel-macos-x86_64, r-oldrel-windows-x86_64