Last updated on 2024-08-18 04:48:17 CEST.
Flavor | Version | Tinstall | Tcheck | Ttotal | Status | Flags |
---|---|---|---|---|---|---|
r-devel-linux-x86_64-debian-clang | 1.0.7 | 2.11 | 52.31 | 54.42 | OK | |
r-devel-linux-x86_64-debian-gcc | 1.0.7 | 1.69 | 36.35 | 38.04 | OK | |
r-devel-linux-x86_64-fedora-clang | 1.0.7 | 86.45 | OK | |||
r-devel-linux-x86_64-fedora-gcc | 1.0.7 | 81.02 | OK | |||
r-devel-windows-x86_64 | 1.0.7 | 3.00 | 74.00 | 77.00 | OK | |
r-patched-linux-x86_64 | 1.0.7 | 2.32 | 50.09 | 52.41 | OK | |
r-release-linux-x86_64 | 1.0.7 | 1.71 | 50.22 | 51.93 | OK | |
r-release-macos-arm64 | 1.0.7 | 27.00 | OK | |||
r-release-macos-x86_64 | 1.0.7 | 63.00 | OK | |||
r-release-windows-x86_64 | 1.0.7 | 3.00 | 71.00 | 74.00 | OK | |
r-oldrel-macos-arm64 | 1.0.7 | 30.00 | OK | |||
r-oldrel-macos-x86_64 | 1.0.7 | 34.00 | NOTE | |||
r-oldrel-windows-x86_64 | 1.0.7 | 4.00 | 77.00 | 81.00 | OK |
Version: 1.0.7
Check: package dependencies
Result: NOTE
Package suggested but not available for checking: ‘ICAMS’
Flavor: r-oldrel-macos-x86_64