Last updated on 2024-08-18 04:48:17 CEST.
Flavor | Version | Tinstall | Tcheck | Ttotal | Status | Flags |
---|---|---|---|---|---|---|
r-devel-linux-x86_64-debian-clang | 2.9.2.0 | 25.35 | 173.75 | 199.10 | NOTE | |
r-devel-linux-x86_64-debian-gcc | 2.9.2.0 | 18.13 | 126.18 | 144.31 | NOTE | |
r-devel-linux-x86_64-fedora-clang | 2.9.2.0 | 311.99 | NOTE | |||
r-devel-linux-x86_64-fedora-gcc | 2.9.2.0 | 309.10 | NOTE | |||
r-devel-windows-x86_64 | 2.9.2.0 | 24.00 | 162.00 | 186.00 | NOTE | |
r-patched-linux-x86_64 | 2.9.2.0 | 22.50 | 169.67 | 192.17 | NOTE | |
r-release-linux-x86_64 | 2.9.2.0 | 22.22 | 165.39 | 187.61 | NOTE | |
r-release-macos-arm64 | 2.9.2.0 | 97.00 | NOTE | |||
r-release-macos-x86_64 | 2.9.2.0 | 146.00 | NOTE | |||
r-release-windows-x86_64 | 2.9.2.0 | 23.00 | 166.00 | 189.00 | NOTE | |
r-oldrel-macos-arm64 | 2.9.2.0 | 99.00 | OK | |||
r-oldrel-macos-x86_64 | 2.9.2.0 | 185.00 | OK | |||
r-oldrel-windows-x86_64 | 2.9.2.0 | 31.00 | 185.00 | 216.00 | OK |
Version: 2.9.2.0
Check: Rd files
Result: NOTE
checkRd: (-1) get_mean_sd_hour.Rd:20: Lost braces
20 | A function for calcualting the average timing of variables (in this case the M10 and L5). Find the average timing mu that min{ sum { min[ (tind_i - mu)^2, (1440 + mu - tind_i )^2 ]}}
| ^
checkRd: (-1) get_mean_sd_hour.Rd:20: Lost braces; missing escapes or markup?
20 | A function for calcualting the average timing of variables (in this case the M10 and L5). Find the average timing mu that min{ sum { min[ (tind_i - mu)^2, (1440 + mu - tind_i )^2 ]}}
| ^
Flavors: r-devel-linux-x86_64-debian-clang, r-devel-linux-x86_64-debian-gcc, r-devel-linux-x86_64-fedora-clang, r-devel-linux-x86_64-fedora-gcc, r-devel-windows-x86_64, r-patched-linux-x86_64, r-release-linux-x86_64, r-release-macos-arm64, r-release-macos-x86_64, r-release-windows-x86_64
Version: 2.9.2.0
Check: dependencies in R code
Result: NOTE
Namespaces in Imports field not imported from:
‘ActCR’ ‘ActFrag’ ‘tidyr’
All declared Imports should be used.
Flavors: r-devel-linux-x86_64-fedora-clang, r-devel-linux-x86_64-fedora-gcc