Last updated on 2024-07-18 04:50:18 CEST.
Flavor | Version | Tinstall | Tcheck | Ttotal | Status | Flags |
---|---|---|---|---|---|---|
r-devel-linux-x86_64-debian-clang | 0.2-14 | 106.57 | 61.46 | 168.03 | OK | |
r-devel-linux-x86_64-debian-gcc | 0.2-14 | 84.73 | 46.96 | 131.69 | OK | |
r-devel-linux-x86_64-fedora-clang | 0.2-14 | 231.09 | OK | |||
r-devel-linux-x86_64-fedora-gcc | 0.2-14 | 256.86 | OK | |||
r-devel-windows-x86_64 | 0.2-14 | 116.00 | 219.00 | 335.00 | NOTE | |
r-patched-linux-x86_64 | 0.2-14 | 99.41 | 60.21 | 159.62 | OK | |
r-release-linux-x86_64 | 0.2-14 | 102.27 | 58.30 | 160.57 | OK | |
r-release-macos-arm64 | 0.2-14 | 59.00 | NOTE | |||
r-release-macos-x86_64 | 0.2-14 | 63.00 | NOTE | |||
r-release-windows-x86_64 | 0.2-14 | 108.00 | 217.00 | 325.00 | NOTE | |
r-oldrel-macos-arm64 | 0.2-14 | 69.00 | NOTE | |||
r-oldrel-macos-x86_64 | 0.2-14 | 105.00 | NOTE | |||
r-oldrel-windows-x86_64 | 0.2-14 | 131.00 | 259.00 | 390.00 | NOTE |
Version: 0.2-14
Check: installed package size
Result: NOTE
installed size is 30.6Mb
sub-directories of 1Mb or more:
gdal 3.0Mb
libs 19.0Mb
proj 8.4Mb
Flavors: r-devel-windows-x86_64, r-release-macos-arm64, r-release-macos-x86_64, r-release-windows-x86_64, r-oldrel-macos-arm64, r-oldrel-macos-x86_64, r-oldrel-windows-x86_64