Last updated on 2025-02-10 03:49:21 CET.
Flavor | Version | Tinstall | Tcheck | Ttotal | Status | Flags |
---|---|---|---|---|---|---|
r-devel-linux-x86_64-debian-clang | 0.4 | 12.49 | 80.76 | 93.25 | NOTE | |
r-devel-linux-x86_64-debian-gcc | 0.4 | 9.75 | 57.26 | 67.01 | NOTE | |
r-devel-linux-x86_64-fedora-clang | 0.4 | 153.78 | OK | |||
r-devel-linux-x86_64-fedora-gcc | 0.4 | 138.18 | OK | |||
r-devel-windows-x86_64 | 0.4 | 14.00 | 84.00 | 98.00 | NOTE | |
r-patched-linux-x86_64 | 0.4 | 17.51 | 74.28 | 91.79 | NOTE | |
r-release-linux-x86_64 | 0.4 | 12.60 | 73.40 | 86.00 | NOTE | |
r-release-macos-arm64 | 0.4 | 42.00 | NOTE | |||
r-release-macos-x86_64 | 0.4 | 61.00 | NOTE | |||
r-release-windows-x86_64 | 0.4 | 15.00 | 84.00 | 99.00 | NOTE | |
r-oldrel-macos-arm64 | 0.4 | 45.00 | NOTE | |||
r-oldrel-macos-x86_64 | 0.4 | 76.00 | NOTE | |||
r-oldrel-windows-x86_64 | 0.4 | 18.00 | 104.00 | 122.00 | NOTE |
Version: 0.4
Check: Rd cross-references
Result: NOTE
Found the following Rd file(s) with Rd \link{} targets missing package
anchors:
lsprobust.plot.Rd: ggplot2
Please provide package anchors for all Rd \link{} targets not in the
package itself and the base packages.
Flavors: r-devel-linux-x86_64-debian-clang, r-devel-linux-x86_64-debian-gcc, r-devel-windows-x86_64
Version: 0.4
Check: LazyData
Result: NOTE
'LazyData' is specified without a 'data' directory
Flavors: r-patched-linux-x86_64, r-release-linux-x86_64, r-release-macos-arm64, r-release-macos-x86_64, r-release-windows-x86_64, r-oldrel-macos-arm64, r-oldrel-macos-x86_64, r-oldrel-windows-x86_64