Last updated on 2024-08-17 05:49:26 CEST.
Flavor | Version | Tinstall | Tcheck | Ttotal | Status | Flags |
---|---|---|---|---|---|---|
r-devel-linux-x86_64-debian-clang | 1.3.2 | 137.63 | 278.20 | 415.83 | OK | |
r-devel-linux-x86_64-debian-gcc | 1.3.2 | 106.69 | 197.36 | 304.05 | OK | |
r-devel-linux-x86_64-fedora-clang | 1.3.2 | 714.49 | OK | |||
r-devel-linux-x86_64-fedora-gcc | 1.3.2 | 841.55 | OK | |||
r-devel-windows-x86_64 | 1.3.2 | 131.00 | 374.00 | 505.00 | OK | |
r-patched-linux-x86_64 | 1.3.2 | 150.62 | 268.06 | 418.68 | OK | |
r-release-linux-x86_64 | 1.3.2 | 148.62 | 269.72 | 418.34 | OK | |
r-release-macos-arm64 | 1.3.2 | 198.00 | NOTE | |||
r-release-macos-x86_64 | 1.3.2 | 538.00 | NOTE | |||
r-release-windows-x86_64 | 1.3.2 | 130.00 | 368.00 | 498.00 | OK | |
r-oldrel-macos-arm64 | 1.3.2 | 213.00 | NOTE | |||
r-oldrel-macos-x86_64 | 1.3.2 | 465.00 | NOTE | |||
r-oldrel-windows-x86_64 | 1.3.2 | 174.00 | 442.00 | 616.00 | OK |
Version: 1.3.2
Check: installed package size
Result: NOTE
installed size is 10.6Mb
sub-directories of 1Mb or more:
libs 9.8Mb
Flavors: r-release-macos-arm64, r-release-macos-x86_64, r-oldrel-macos-arm64, r-oldrel-macos-x86_64