CRAN Package Check Results for Package loadshaper

Last updated on 2025-04-14 04:51:50 CEST.

Flavor Version Tinstall Tcheck Ttotal Status Flags
r-devel-linux-x86_64-debian-clang 1.1.1 2.80 56.89 59.69 NOTE
r-devel-linux-x86_64-debian-gcc 1.1.1 2.14 41.94 44.08 NOTE
r-devel-linux-x86_64-fedora-gcc 1.1.1 96.73 NOTE
r-devel-macos-arm64 1.1.1 55.00 NOTE
r-devel-macos-x86_64 1.1.1 84.00 NOTE
r-devel-windows-x86_64 1.1.1 4.00 90.00 94.00 NOTE
r-patched-linux-x86_64 1.1.1 3.27 55.47 58.74 NOTE
r-release-linux-x86_64 1.1.1 2.76 56.48 59.24 NOTE
r-release-macos-arm64 1.1.1 33.00 NOTE
r-release-macos-x86_64 1.1.1 66.00 NOTE
r-release-windows-x86_64 1.1.1 4.00 99.00 103.00 NOTE
r-oldrel-macos-arm64 1.1.1 NOTE
r-oldrel-macos-x86_64 1.1.1 70.00 NOTE
r-oldrel-windows-x86_64 1.1.1 5.00 99.00 104.00 NOTE

Check Details

Version: 1.1.1
Check: package subdirectories
Result: NOTE Problems with news in ‘NEWS.md’: Cannot extract version info from the following section titles: Author Maintainer Flavors: r-devel-linux-x86_64-debian-clang, r-devel-linux-x86_64-debian-gcc, r-devel-linux-x86_64-fedora-gcc, r-devel-macos-arm64, r-devel-macos-x86_64, r-devel-windows-x86_64, r-patched-linux-x86_64, r-release-linux-x86_64, r-release-macos-arm64, r-release-macos-x86_64, r-release-windows-x86_64, r-oldrel-macos-arm64, r-oldrel-macos-x86_64, r-oldrel-windows-x86_64