Last updated on 2024-08-17 05:49:26 CEST.
Flavor | Version | Tinstall | Tcheck | Ttotal | Status | Flags |
---|---|---|---|---|---|---|
r-devel-linux-x86_64-debian-clang | 0.2.4 | 11.63 | 101.17 | 112.80 | NOTE | |
r-devel-linux-x86_64-debian-gcc | 0.2.4 | 8.88 | 74.76 | 83.64 | NOTE | |
r-devel-linux-x86_64-fedora-clang | 0.2.4 | 188.10 | NOTE | |||
r-devel-linux-x86_64-fedora-gcc | 0.2.4 | 185.79 | NOTE | |||
r-devel-windows-x86_64 | 0.2.4 | 13.00 | 108.00 | 121.00 | NOTE | |
r-patched-linux-x86_64 | 0.2.4 | 12.04 | 95.55 | 107.59 | NOTE | |
r-release-linux-x86_64 | 0.2.4 | 10.59 | 95.94 | 106.53 | NOTE | |
r-release-macos-arm64 | 0.2.4 | 53.00 | NOTE | |||
r-release-macos-x86_64 | 0.2.4 | 88.00 | NOTE | |||
r-release-windows-x86_64 | 0.2.4 | 15.00 | 107.00 | 122.00 | NOTE | |
r-oldrel-macos-arm64 | 0.2.4 | 56.00 | OK | |||
r-oldrel-macos-x86_64 | 0.2.4 | 84.00 | OK | |||
r-oldrel-windows-x86_64 | 0.2.4 | 16.00 | 130.00 | 146.00 | OK |
Version: 0.2.4
Check: Rd files
Result: NOTE
checkRd: (-1) bootstrap_pvals.Rd:78: Lost braces; missing escapes or markup?
78 | $(n_{extreme} + 1) / (B + 1)$.
| ^
Flavors: r-devel-linux-x86_64-debian-clang, r-devel-linux-x86_64-debian-gcc, r-devel-linux-x86_64-fedora-clang, r-devel-linux-x86_64-fedora-gcc, r-devel-windows-x86_64, r-patched-linux-x86_64, r-release-linux-x86_64, r-release-macos-arm64, r-release-macos-x86_64, r-release-windows-x86_64