Last updated on 2025-02-04 05:50:22 CET.
Flavor | Version | Tinstall | Tcheck | Ttotal | Status | Flags |
---|---|---|---|---|---|---|
r-devel-linux-x86_64-debian-clang | 2.1.0 | 4.19 | 39.97 | 44.16 | OK | |
r-devel-linux-x86_64-debian-gcc | 2.1.0 | 3.40 | 31.08 | 34.48 | OK | |
r-devel-linux-x86_64-fedora-clang | 2.1.0 | 74.24 | NOTE | |||
r-devel-linux-x86_64-fedora-gcc | 2.1.0 | 82.85 | NOTE | |||
r-devel-windows-x86_64 | 2.1.0 | 8.00 | 88.00 | 96.00 | OK | |
r-patched-linux-x86_64 | 2.1.0 | 5.52 | 38.50 | 44.02 | OK | |
r-release-linux-x86_64 | 2.1.0 | 4.08 | 38.47 | 42.55 | OK | |
r-release-macos-arm64 | 2.1.0 | 35.00 | OK | |||
r-release-macos-x86_64 | 2.1.0 | 80.00 | OK | |||
r-release-windows-x86_64 | 2.1.0 | 7.00 | 86.00 | 93.00 | OK | |
r-oldrel-macos-arm64 | 2.1.0 | 35.00 | OK | |||
r-oldrel-macos-x86_64 | 2.1.0 | 49.00 | OK | |||
r-oldrel-windows-x86_64 | 2.1.0 | 8.00 | 83.00 | 91.00 | OK |
Version: 2.1.0
Check: compiled code
Result: NOTE
File ‘lmPerm/libs/lmPerm.so’:
Found no calls to: ‘R_registerRoutines’, ‘R_useDynamicSymbols’
It is good practice to register native routines and to disable symbol
search.
See ‘Writing portable packages’ in the ‘Writing R Extensions’ manual.
Flavors: r-devel-linux-x86_64-fedora-clang, r-devel-linux-x86_64-fedora-gcc