Last updated on 2025-02-04 05:50:22 CET.
Flavor | Version | Tinstall | Tcheck | Ttotal | Status | Flags |
---|---|---|---|---|---|---|
r-devel-linux-x86_64-debian-clang | 1.1.0 | 3.76 | 36.19 | 39.95 | OK | |
r-devel-linux-x86_64-debian-gcc | 1.1.0 | 3.41 | 27.46 | 30.87 | OK | |
r-devel-linux-x86_64-fedora-clang | 1.1.0 | 66.33 | OK | |||
r-devel-linux-x86_64-fedora-gcc | 1.1.0 | 61.36 | OK | |||
r-devel-windows-x86_64 | 1.1.0 | 8.00 | 58.00 | 66.00 | OK | |
r-patched-linux-x86_64 | 1.1.0 | 3.86 | 34.53 | 38.39 | NOTE | |
r-release-linux-x86_64 | 1.1.0 | 4.22 | 34.42 | 38.64 | NOTE | |
r-release-macos-arm64 | 1.1.0 | 22.00 | NOTE | |||
r-release-macos-x86_64 | 1.1.0 | 33.00 | NOTE | |||
r-release-windows-x86_64 | 1.1.0 | 7.00 | 57.00 | 64.00 | NOTE | |
r-oldrel-macos-arm64 | 1.1.0 | 23.00 | NOTE | |||
r-oldrel-macos-x86_64 | 1.1.0 | 30.00 | NOTE | |||
r-oldrel-windows-x86_64 | 1.1.0 | 6.00 | 62.00 | 68.00 | NOTE |
Version: 1.1.0
Check: LazyData
Result: NOTE
'LazyData' is specified without a 'data' directory
Flavors: r-patched-linux-x86_64, r-release-linux-x86_64, r-release-macos-arm64, r-release-macos-x86_64, r-release-windows-x86_64, r-oldrel-macos-arm64, r-oldrel-macos-x86_64, r-oldrel-windows-x86_64