Last updated on 2024-07-01 04:48:37 CEST.
Flavor | Version | Tinstall | Tcheck | Ttotal | Status | Flags |
---|---|---|---|---|---|---|
r-devel-linux-x86_64-debian-clang | 1.1 | 9.50 | 74.94 | 84.44 | WARN | |
r-devel-linux-x86_64-debian-gcc | 1.1 | 7.04 | 56.13 | 63.17 | WARN | |
r-devel-linux-x86_64-fedora-clang | 1.1 | 107.01 | WARN | |||
r-devel-linux-x86_64-fedora-gcc | 1.1 | 120.84 | WARN | |||
r-devel-windows-x86_64 | 1.1 | 10.00 | 71.00 | 81.00 | WARN | |
r-patched-linux-x86_64 | 1.1 | 7.73 | 70.93 | 78.66 | WARN | |
r-release-linux-x86_64 | 1.1 | 8.15 | 70.83 | 78.98 | WARN | |
r-release-macos-arm64 | 1.1 | 38.00 | OK | |||
r-release-macos-x86_64 | 1.1 | 100.00 | OK | |||
r-release-windows-x86_64 | 1.1 | 10.00 | 71.00 | 81.00 | OK | |
r-oldrel-macos-arm64 | 1.1 | 38.00 | OK | |||
r-oldrel-macos-x86_64 | 1.1 | 104.00 | OK | |||
r-oldrel-windows-x86_64 | 1.2 | 6.00 | 40.00 | 46.00 | OK |
Version: 1.1
Check: whether package can be installed
Result: WARN
Found the following significant warnings:
Warning: replacing previous import ‘SparseM::det’ by ‘Matrix::det’ when loading ‘lincom’
See ‘/home/hornik/tmp/R.check/r-devel-clang/Work/PKGS/lincom.Rcheck/00install.out’ for details.
* used C compiler: ‘Debian clang version 18.1.8 (1)’
* used Fortran compiler: ‘Debian flang-new version 18.1.8 (1)’
Flavor: r-devel-linux-x86_64-debian-clang
Version: 1.1
Check: whether package can be installed
Result: WARN
Found the following significant warnings:
Warning: replacing previous import ‘SparseM::det’ by ‘Matrix::det’ when loading ‘lincom’
See ‘/home/hornik/tmp/R.check/r-devel-gcc/Work/PKGS/lincom.Rcheck/00install.out’ for details.
* used C compiler: ‘gcc-13 (Debian 13.3.0-1) 13.3.0’
* used Fortran compiler: ‘GNU Fortran (Debian 13.3.0-1) 13.3.0’
Flavor: r-devel-linux-x86_64-debian-gcc
Version: 1.1
Check: whether package can be installed
Result: WARN
Found the following significant warnings:
Warning: replacing previous import ‘SparseM::det’ by ‘Matrix::det’ when loading ‘lincom’
See ‘/data/gannet/ripley/R/packages/tests-clang/lincom.Rcheck/00install.out’ for details.
* used C compiler: ‘clang version 18.1.7’
* used Fortran compiler: ‘flang-new version 18.1.7’
Flavor: r-devel-linux-x86_64-fedora-clang
Version: 1.1
Check: whether package can be installed
Result: WARN
Found the following significant warnings:
Warning: replacing previous import ‘SparseM::det’ by ‘Matrix::det’ when loading ‘lincom’
See ‘/data/gannet/ripley/R/packages/tests-devel/lincom.Rcheck/00install.out’ for details.
* used C compiler: ‘gcc-14 (GCC) 14.1.0’
* used Fortran compiler: ‘GNU Fortran (GCC) 14.1.0’
Flavor: r-devel-linux-x86_64-fedora-gcc
Version: 1.1
Check: whether package can be installed
Result: WARN
Found the following significant warnings:
Warning: replacing previous import 'SparseM::det' by 'Matrix::det' when loading 'lincom'
See 'd:/Rcompile/CRANpkg/local/4.5/lincom.Rcheck/00install.out' for details.
* used C compiler: 'gcc.exe (GCC) 13.2.0'
* used Fortran compiler: 'GNU Fortran (GCC) 13.2.0'
Flavor: r-devel-windows-x86_64
Version: 1.1
Check: whether package can be installed
Result: WARN
Found the following significant warnings:
Warning: replacing previous import ‘SparseM::det’ by ‘Matrix::det’ when loading ‘lincom’
See ‘/home/hornik/tmp/R.check/r-patched-gcc/Work/PKGS/lincom.Rcheck/00install.out’ for details.
* used C compiler: ‘gcc-13 (Debian 13.3.0-1) 13.3.0’
* used Fortran compiler: ‘GNU Fortran (Debian 13.3.0-1) 13.3.0’
Flavor: r-patched-linux-x86_64
Version: 1.1
Check: whether package can be installed
Result: WARN
Found the following significant warnings:
Warning: replacing previous import ‘SparseM::det’ by ‘Matrix::det’ when loading ‘lincom’
See ‘/home/hornik/tmp/R.check/r-release-gcc/Work/PKGS/lincom.Rcheck/00install.out’ for details.
* used C compiler: ‘gcc-13 (Debian 13.3.0-1) 13.3.0’
* used Fortran compiler: ‘GNU Fortran (Debian 13.3.0-1) 13.3.0’
Flavor: r-release-linux-x86_64