Last updated on 2025-02-11 03:50:12 CET.
Flavor | Version | Tinstall | Tcheck | Ttotal | Status | Flags |
---|---|---|---|---|---|---|
r-devel-linux-x86_64-debian-clang | 1.0 | 7.52 | 70.22 | 77.74 | OK | |
r-devel-linux-x86_64-debian-gcc | 1.0 | 5.63 | 53.71 | 59.34 | OK | |
r-devel-linux-x86_64-fedora-clang | 1.0 | 123.14 | NOTE | |||
r-devel-linux-x86_64-fedora-gcc | 1.0 | 115.41 | NOTE | |||
r-devel-windows-x86_64 | 1.0 | 10.00 | 91.00 | 101.00 | OK | |
r-patched-linux-x86_64 | 1.0 | 5.82 | 65.83 | 71.65 | OK | |
r-release-linux-x86_64 | 1.0 | 6.85 | 66.04 | 72.89 | OK | |
r-release-macos-arm64 | 1.0 | 40.00 | OK | |||
r-release-macos-x86_64 | 1.0 | 76.00 | OK | |||
r-release-windows-x86_64 | 1.0 | 9.00 | 90.00 | 99.00 | OK | |
r-oldrel-macos-arm64 | 1.0 | 44.00 | OK | |||
r-oldrel-macos-x86_64 | 1.0 | 69.00 | OK | |||
r-oldrel-windows-x86_64 | 1.0 | 11.00 | 100.00 | 111.00 | OK |
Version: 1.0
Check: compiled code
Result: NOTE
File ‘linERR/libs/linERR.so’:
Found no calls to: ‘R_registerRoutines’, ‘R_useDynamicSymbols’
It is good practice to register native routines and to disable symbol
search.
See ‘Writing portable packages’ in the ‘Writing R Extensions’ manual.
Flavors: r-devel-linux-x86_64-fedora-clang, r-devel-linux-x86_64-fedora-gcc