Last updated on 2024-08-17 05:49:26 CEST.
Flavor | Version | Tinstall | Tcheck | Ttotal | Status | Flags |
---|---|---|---|---|---|---|
r-devel-linux-x86_64-debian-clang | 1.6.4 | 4.51 | 45.66 | 50.17 | OK | |
r-devel-linux-x86_64-debian-gcc | 1.6.4 | 3.15 | 34.14 | 37.29 | OK | |
r-devel-linux-x86_64-fedora-clang | 1.6.4 | 80.94 | NOTE | |||
r-devel-linux-x86_64-fedora-gcc | 1.6.4 | 89.55 | NOTE | |||
r-devel-windows-x86_64 | 1.6.4 | 6.00 | 77.00 | 83.00 | OK | |
r-patched-linux-x86_64 | 1.6.4 | 5.33 | 43.14 | 48.47 | OK | |
r-release-linux-x86_64 | 1.6.4 | 3.01 | 43.92 | 46.93 | OK | |
r-release-macos-arm64 | 1.6.4 | 32.00 | OK | |||
r-release-macos-x86_64 | 1.6.4 | 54.00 | OK | |||
r-release-windows-x86_64 | 1.6.4 | 6.00 | 75.00 | 81.00 | OK | |
r-oldrel-macos-arm64 | 1.6.4 | 31.00 | OK | |||
r-oldrel-macos-x86_64 | 1.6.4 | 51.00 | OK | |||
r-oldrel-windows-x86_64 | 1.6.4 | 7.00 | 84.00 | 91.00 | OK |
Version: 1.6.4
Check: data for non-ASCII characters
Result: NOTE
Note: found 22 marked UTF-8 strings
Flavors: r-devel-linux-x86_64-fedora-clang, r-devel-linux-x86_64-fedora-gcc