Last updated on 2024-08-17 05:49:26 CEST.
Flavor | Version | Tinstall | Tcheck | Ttotal | Status | Flags |
---|---|---|---|---|---|---|
r-devel-linux-x86_64-debian-clang | 0.1.0 | 4.20 | 55.74 | 59.94 | OK | |
r-devel-linux-x86_64-debian-gcc | 0.1.0 | 2.91 | 39.37 | 42.28 | OK | |
r-devel-linux-x86_64-fedora-clang | 0.1.0 | 96.39 | NOTE | |||
r-devel-linux-x86_64-fedora-gcc | 0.1.0 | 104.53 | OK | |||
r-devel-windows-x86_64 | 0.1.0 | 7.00 | 75.00 | 82.00 | NOTE | |
r-patched-linux-x86_64 | 0.1.0 | 4.37 | 53.22 | 57.59 | OK | |
r-release-linux-x86_64 | 0.1.0 | 3.71 | 52.80 | 56.51 | OK | |
r-release-macos-arm64 | 0.1.0 | 41.00 | NOTE | |||
r-release-macos-x86_64 | 0.1.0 | 54.00 | NOTE | |||
r-release-windows-x86_64 | 0.1.0 | 6.00 | 76.00 | 82.00 | NOTE | |
r-oldrel-macos-arm64 | 0.1.0 | 42.00 | NOTE | |||
r-oldrel-macos-x86_64 | 0.1.0 | 108.00 | NOTE | |||
r-oldrel-windows-x86_64 | 0.1.0 | 8.00 | 88.00 | 96.00 | NOTE |
Version: 0.1.0
Check: installed package size
Result: NOTE
installed size is 6.2Mb
sub-directories of 1Mb or more:
doc 5.9Mb
Flavors: r-devel-linux-x86_64-fedora-clang, r-devel-windows-x86_64, r-release-macos-arm64, r-release-macos-x86_64, r-release-windows-x86_64, r-oldrel-macos-arm64, r-oldrel-macos-x86_64, r-oldrel-windows-x86_64