Last updated on 2024-08-17 05:49:26 CEST.
Flavor | Version | Tinstall | Tcheck | Ttotal | Status | Flags |
---|---|---|---|---|---|---|
r-devel-linux-x86_64-debian-clang | 0.0.3 | 2.69 | 23.51 | 26.20 | NOTE | |
r-devel-linux-x86_64-debian-gcc | 0.0.3 | 1.80 | 18.03 | 19.83 | NOTE | |
r-devel-linux-x86_64-fedora-clang | 0.0.3 | 41.67 | NOTE | |||
r-devel-linux-x86_64-fedora-gcc | 0.0.3 | 39.83 | NOTE | |||
r-devel-windows-x86_64 | 0.0.3 | 4.00 | 52.00 | 56.00 | NOTE | |
r-patched-linux-x86_64 | 0.0.3 | 3.08 | 22.68 | 25.76 | NOTE | |
r-release-linux-x86_64 | 0.0.3 | 2.36 | 22.85 | 25.21 | NOTE | |
r-release-macos-arm64 | 0.0.3 | 17.00 | NOTE | |||
r-release-macos-x86_64 | 0.0.3 | 24.00 | NOTE | |||
r-release-windows-x86_64 | 0.0.3 | 5.00 | 53.00 | 58.00 | NOTE | |
r-oldrel-macos-arm64 | 0.0.3 | 17.00 | NOTE | |||
r-oldrel-macos-x86_64 | 0.0.3 | 25.00 | NOTE | |||
r-oldrel-windows-x86_64 | 0.0.3 | 5.00 | 54.00 | 59.00 | NOTE |
Version: 0.0.3
Check: LazyData
Result: NOTE
'LazyData' is specified without a 'data' directory
Flavors: r-devel-linux-x86_64-debian-clang, r-devel-linux-x86_64-debian-gcc, r-devel-linux-x86_64-fedora-clang, r-devel-linux-x86_64-fedora-gcc, r-devel-windows-x86_64, r-patched-linux-x86_64, r-release-linux-x86_64, r-release-macos-arm64, r-release-macos-x86_64, r-release-windows-x86_64, r-oldrel-macos-arm64, r-oldrel-macos-x86_64, r-oldrel-windows-x86_64
Version: 0.0.3
Check: Rd cross-references
Result: NOTE
Undeclared packages ‘purrr’, ‘dplyr’ in Rd xrefs
Flavor: r-devel-linux-x86_64-fedora-clang