Last updated on 2025-02-10 03:49:21 CET.
Flavor | Version | Tinstall | Tcheck | Ttotal | Status | Flags |
---|---|---|---|---|---|---|
r-devel-linux-x86_64-debian-clang | 0.1.32 | 210.02 | 36.06 | 246.08 | OK | |
r-devel-linux-x86_64-debian-gcc | 0.1.32 | 164.44 | 28.70 | 193.14 | OK | |
r-devel-linux-x86_64-fedora-clang | 0.1.32 | 505.74 | OK | |||
r-devel-linux-x86_64-fedora-gcc | 0.1.32 | 506.52 | OK | |||
r-devel-windows-x86_64 | 0.1.32 | 421.00 | 90.00 | 511.00 | OK | |
r-patched-linux-x86_64 | 0.1.32 | 211.16 | 33.90 | 245.06 | OK | |
r-release-linux-x86_64 | 0.1.32 | 212.96 | 33.95 | 246.91 | OK | |
r-release-macos-arm64 | 0.1.32 | 141.00 | NOTE | |||
r-release-macos-x86_64 | 0.1.32 | 204.00 | NOTE | |||
r-release-windows-x86_64 | 0.1.32 | 355.00 | 95.00 | 450.00 | NOTE | |
r-oldrel-macos-arm64 | 0.1.31 | 128.00 | NOTE | |||
r-oldrel-macos-x86_64 | 0.1.31 | 148.00 | NOTE | |||
r-oldrel-windows-x86_64 | 0.1.32 | 383.00 | 118.00 | 501.00 | WARN |
Version: 0.1.32
Check: installed package size
Result: NOTE
installed size is 16.1Mb
sub-directories of 1Mb or more:
libs 15.7Mb
Flavors: r-release-macos-arm64, r-release-macos-x86_64, r-release-windows-x86_64, r-oldrel-windows-x86_64
Version: 0.1.31
Check: installed package size
Result: NOTE
installed size is 16.1Mb
sub-directories of 1Mb or more:
libs 15.7Mb
Flavors: r-oldrel-macos-arm64, r-oldrel-macos-x86_64
Version: 0.1.32
Check: whether package can be installed
Result: WARN
Found the following significant warnings:
D:/rtools43/usr/lib/mxe/usr/x86_64-w64-mingw32.static.posix/include/winnt.h:8404:37: warning: ISO C++ forbids flexible array member 'Elements' [-Wpedantic]
D:/rtools43/usr/lib/mxe/usr/x86_64-w64-mingw32.static.posix/include/winnt.h:8667:22: warning: ISO C++ forbids flexible array member 'pEventLogRecords' [-Wpedantic]
D:/rtools43/usr/lib/mxe/usr/x86_64-w64-mingw32.static.posix/include/winnt.h:8673:13: warning: ISO C++ forbids flexible array member 'ulOffsets' [-Wpedantic]
D:/rtools43/usr/lib/mxe/usr/x86_64-w64-mingw32.static.posix/include/minwindef.h:196:3: warning: function declaration isn't a prototype [-Wstrict-prototypes]
D:/rtools43/usr/lib/mxe/usr/x86_64-w64-mingw32.static.posix/include/minwindef.h:197:3: warning: function declaration isn't a prototype [-Wstrict-prototypes]
D:/rtools43/usr/lib/mxe/usr/x86_64-w64-mingw32.static.posix/include/minwindef.h:198:3: warning: function declaration isn't a prototype [-Wstrict-prototypes]
D:/rtools43/usr/lib/mxe/usr/x86_64-w64-mingw32.static.posix/include/processthreadsapi.h:130:47: warning: ISO C does not allow extra ';' outside of a function [-Wpedantic]
D:/rtools43/usr/lib/mxe/usr/x86_64-w64-mingw32.static.posix/include/rpcndr.h:451:3: warning: function declaration isn't a prototype [-Wstrict-prototypes]
D:/rtools43/usr/lib/mxe/usr/x86_64-w64-mingw32.static.posix/include/urlmon.h:1333:24: warning: ISO C restricts enumerator values to range of 'int' [-Wpedantic]
D:/rtools43/usr/lib/mxe/usr/x86_64-w64-mingw32.static.posix/include/urlmon.h:1745:25: warning: ISO C restricts enumerator values to range of 'int' [-Wpedantic]
D:/rtools43/usr/lib/mxe/usr/x86_64-w64-mingw32.static.posix/include/winioctl.h:359:11: warning: ISO C forbids zero-size array 'SerialNumber' [-Wpedantic]
See 'd:/Rcompile/CRANpkg/local/4.3/leidenbase.Rcheck/00install.out' for details.
* used C++ compiler: 'g++.exe (GCC) 12.3.0'
Flavor: r-oldrel-windows-x86_64