Last updated on 2024-08-17 05:49:25 CEST.
Flavor | Version | Tinstall | Tcheck | Ttotal | Status | Flags |
---|---|---|---|---|---|---|
r-devel-linux-x86_64-debian-clang | 0.1.0 | 7.55 | 56.88 | 64.43 | NOTE | |
r-devel-linux-x86_64-debian-gcc | 0.1.0 | 4.97 | 43.13 | 48.10 | NOTE | |
r-devel-linux-x86_64-fedora-clang | 0.1.0 | 103.99 | NOTE | |||
r-devel-linux-x86_64-fedora-gcc | 0.1.0 | 107.88 | NOTE | |||
r-devel-windows-x86_64 | 0.1.0 | 8.00 | 73.00 | 81.00 | NOTE | |
r-patched-linux-x86_64 | 0.1.0 | 12.46 | 53.88 | 66.34 | NOTE | |
r-release-linux-x86_64 | 0.1.0 | 7.14 | 54.17 | 61.31 | NOTE | |
r-release-macos-arm64 | 0.1.0 | 38.00 | NOTE | |||
r-release-macos-x86_64 | 0.1.0 | 58.00 | NOTE | |||
r-release-windows-x86_64 | 0.1.0 | 8.00 | 71.00 | 79.00 | NOTE | |
r-oldrel-macos-arm64 | 0.1.0 | 34.00 | NOTE | |||
r-oldrel-macos-x86_64 | 0.1.0 | 60.00 | NOTE | |||
r-oldrel-windows-x86_64 | 0.1.0 | 10.00 | 82.00 | 92.00 | NOTE |
Version: 0.1.0
Check: Rd cross-references
Result: NOTE
Found the following Rd file(s) with Rd \link{} targets missing package
anchors:
SFSQL.Rd: dbConnect
SFSQLConnection-class.Rd: DBIConnection-class
SFSQLDriver-class.Rd: dbConnect, DBIDriver-class, dbUnloadDriver
SFSQLResult-class.Rd: dbSendQuery, dbSendStatement, DBIResult-class
Please provide package anchors for all Rd \link{} targets not in the
package itself and the base packages.
Flavors: r-devel-linux-x86_64-debian-clang, r-devel-linux-x86_64-debian-gcc, r-devel-windows-x86_64
Version: 0.1.0
Check: LazyData
Result: NOTE
'LazyData' is specified without a 'data' directory
Flavors: r-devel-linux-x86_64-debian-clang, r-devel-linux-x86_64-debian-gcc, r-devel-linux-x86_64-fedora-clang, r-devel-linux-x86_64-fedora-gcc, r-devel-windows-x86_64, r-patched-linux-x86_64, r-release-linux-x86_64, r-release-macos-arm64, r-release-macos-x86_64, r-release-windows-x86_64, r-oldrel-macos-arm64, r-oldrel-macos-x86_64, r-oldrel-windows-x86_64