Last updated on 2024-08-17 05:49:25 CEST.
Flavor | Version | Tinstall | Tcheck | Ttotal | Status | Flags |
---|---|---|---|---|---|---|
r-devel-linux-x86_64-debian-clang | 0.8.1 | 6.08 | 57.51 | 63.59 | OK | |
r-devel-linux-x86_64-debian-gcc | 0.8.1 | 3.82 | 43.31 | 47.13 | OK | |
r-devel-linux-x86_64-fedora-clang | 0.8.1 | 100.33 | NOTE | |||
r-devel-linux-x86_64-fedora-gcc | 0.8.1 | 107.56 | OK | |||
r-devel-windows-x86_64 | 0.8.1 | 8.00 | 79.00 | 87.00 | NOTE | |
r-patched-linux-x86_64 | 0.8.1 | 5.69 | 54.37 | 60.06 | OK | |
r-release-linux-x86_64 | 0.8.1 | 5.34 | 54.91 | 60.25 | OK | |
r-release-macos-arm64 | 0.8.1 | 43.00 | NOTE | |||
r-release-macos-x86_64 | 0.8.1 | 62.00 | NOTE | |||
r-release-windows-x86_64 | 0.8.1 | 7.00 | 77.00 | 84.00 | NOTE | |
r-oldrel-macos-arm64 | 0.8.1 | 46.00 | NOTE | |||
r-oldrel-macos-x86_64 | 0.8.1 | 81.00 | NOTE | |||
r-oldrel-windows-x86_64 | 0.8.1 | 9.00 | 90.00 | 99.00 | NOTE |
Version: 0.8.1
Check: installed package size
Result: NOTE
installed size is 6.5Mb
sub-directories of 1Mb or more:
doc 6.4Mb
Flavors: r-devel-linux-x86_64-fedora-clang, r-devel-windows-x86_64, r-release-macos-arm64, r-release-macos-x86_64, r-release-windows-x86_64, r-oldrel-macos-arm64, r-oldrel-macos-x86_64, r-oldrel-windows-x86_64