Last updated on 2024-08-18 04:48:15 CEST.
Flavor | Version | Tinstall | Tcheck | Ttotal | Status | Flags |
---|---|---|---|---|---|---|
r-devel-linux-x86_64-debian-clang | 2.2.4 | 10.06 | 24.22 | 34.28 | NOTE | |
r-devel-linux-x86_64-debian-gcc | 2.2.4 | 7.56 | 18.39 | 25.95 | NOTE | |
r-devel-linux-x86_64-fedora-clang | 2.2.4 | 60.21 | NOTE | |||
r-devel-linux-x86_64-fedora-gcc | 2.2.4 | 56.59 | NOTE | |||
r-devel-windows-x86_64 | 2.2.4 | 16.00 | 64.00 | 80.00 | NOTE | |
r-patched-linux-x86_64 | 2.2.4 | 10.23 | 22.51 | 32.74 | NOTE | |
r-release-linux-x86_64 | 2.2.4 | 9.14 | 22.69 | 31.83 | NOTE | |
r-release-macos-arm64 | 2.2.4 | 37.00 | NOTE | |||
r-release-macos-x86_64 | 2.2.4 | 77.00 | NOTE | |||
r-release-windows-x86_64 | 2.2.4 | 20.00 | 65.00 | 85.00 | NOTE | |
r-oldrel-macos-arm64 | 2.2.4 | 40.00 | NOTE | |||
r-oldrel-macos-x86_64 | 2.2.4 | 87.00 | NOTE | |||
r-oldrel-windows-x86_64 | 2.2.4 | 20.00 | 71.00 | 91.00 | NOTE |
Version: 2.2.4
Check: for GNU extensions in Makefiles
Result: NOTE
GNU make is a SystemRequirements.
Flavors: r-devel-linux-x86_64-debian-clang, r-devel-linux-x86_64-debian-gcc, r-devel-linux-x86_64-fedora-clang, r-devel-linux-x86_64-fedora-gcc, r-devel-windows-x86_64, r-patched-linux-x86_64, r-release-linux-x86_64, r-release-macos-arm64, r-release-macos-x86_64, r-release-windows-x86_64, r-oldrel-macos-arm64, r-oldrel-macos-x86_64, r-oldrel-windows-x86_64
Version: 2.2.4
Check: Rd cross-references
Result: NOTE
Undeclared package ‘gsl’ in Rd xrefs
Flavor: r-devel-linux-x86_64-fedora-clang