Last updated on 2024-08-18 04:48:15 CEST.
Flavor | Version | Tinstall | Tcheck | Ttotal | Status | Flags |
---|---|---|---|---|---|---|
r-devel-linux-x86_64-debian-clang | 0.0.1 | 2.19 | 34.59 | 36.78 | OK | |
r-devel-linux-x86_64-debian-gcc | 0.0.1 | 1.76 | 25.19 | 26.95 | OK | |
r-devel-linux-x86_64-fedora-clang | 0.0.1 | 59.48 | NOTE | |||
r-devel-linux-x86_64-fedora-gcc | 0.0.1 | 56.03 | NOTE | |||
r-devel-windows-x86_64 | 0.0.1 | 5.00 | 58.00 | 63.00 | OK | |
r-patched-linux-x86_64 | 0.0.1 | 2.72 | 32.82 | 35.54 | OK | |
r-release-linux-x86_64 | 0.0.1 | 1.73 | 32.83 | 34.56 | OK | |
r-release-macos-arm64 | 0.0.1 | 22.00 | OK | |||
r-release-macos-x86_64 | 0.0.1 | 54.00 | OK | |||
r-release-windows-x86_64 | 0.0.1 | 5.00 | 56.00 | 61.00 | OK | |
r-oldrel-macos-arm64 | 0.0.1 | 26.00 | OK | |||
r-oldrel-macos-x86_64 | 0.0.1 | 43.00 | OK | |||
r-oldrel-windows-x86_64 | 0.0.1 | 5.00 | 63.00 | 68.00 | OK |
Version: 0.0.1
Check: dependencies in R code
Result: NOTE
Namespaces in Imports field not imported from:
‘bslib’ ‘ggplot2’ ‘shinydashboard’
All declared Imports should be used.
Flavors: r-devel-linux-x86_64-fedora-clang, r-devel-linux-x86_64-fedora-gcc