Last updated on 2024-08-17 05:49:25 CEST.
Flavor | Version | Tinstall | Tcheck | Ttotal | Status | Flags |
---|---|---|---|---|---|---|
r-devel-linux-x86_64-debian-clang | 2.6.0 | 5.57 | 38.87 | 44.44 | OK | |
r-devel-linux-x86_64-debian-gcc | 2.6.0 | 4.48 | 29.35 | 33.83 | OK | |
r-devel-linux-x86_64-fedora-clang | 2.6.0 | 69.27 | NOTE | |||
r-devel-linux-x86_64-fedora-gcc | 2.6.0 | 65.42 | NOTE | |||
r-devel-windows-x86_64 | 2.6.0 | 15.00 | 64.00 | 79.00 | OK | |
r-patched-linux-x86_64 | 2.6.0 | 6.24 | 36.99 | 43.23 | OK | |
r-release-linux-x86_64 | 2.6.0 | 5.04 | 36.94 | 41.98 | OK | |
r-release-macos-arm64 | 2.6.0 | 29.00 | NOTE | |||
r-release-macos-x86_64 | 2.6.0 | 38.00 | NOTE | |||
r-release-windows-x86_64 | 2.6.0 | 18.00 | 62.00 | 80.00 | OK | |
r-oldrel-macos-arm64 | 2.6.0 | 32.00 | NOTE | |||
r-oldrel-macos-x86_64 | 2.6.0 | 57.00 | NOTE | |||
r-oldrel-windows-x86_64 | 2.6.0 | 17.00 | 70.00 | 87.00 | OK |
Version: 2.6.0
Check: installed package size
Result: NOTE
installed size is 6.9Mb
sub-directories of 1Mb or more:
examples 2.9Mb
htmlwidgets 1.1Mb
www 2.7Mb
Flavors: r-devel-linux-x86_64-fedora-clang, r-release-macos-arm64, r-release-macos-x86_64, r-oldrel-macos-arm64, r-oldrel-macos-x86_64
Version: 2.6.0
Check: data for non-ASCII characters
Result: NOTE
Note: found 17 marked UTF-8 strings
Flavors: r-devel-linux-x86_64-fedora-clang, r-devel-linux-x86_64-fedora-gcc