Last updated on 2024-08-17 05:49:25 CEST.
Flavor | Version | Tinstall | Tcheck | Ttotal | Status | Flags |
---|---|---|---|---|---|---|
r-devel-linux-x86_64-debian-clang | 2.1.0 | 10.18 | 185.09 | 195.27 | OK | |
r-devel-linux-x86_64-debian-gcc | 2.1.0 | 7.05 | 118.98 | 126.03 | OK | |
r-devel-linux-x86_64-fedora-clang | 2.1.0 | 297.85 | NOTE | |||
r-devel-linux-x86_64-fedora-gcc | 2.1.0 | 299.31 | NOTE | |||
r-devel-windows-x86_64 | 2.1.0 | 14.00 | 188.00 | 202.00 | OK | |
r-patched-linux-x86_64 | 2.1.0 | 10.45 | 173.77 | 184.22 | OK | |
r-release-linux-x86_64 | 2.1.0 | 10.56 | 176.41 | 186.97 | OK | |
r-release-macos-arm64 | 2.1.0 | 77.00 | OK | |||
r-release-macos-x86_64 | 2.1.0 | 192.00 | OK | |||
r-release-windows-x86_64 | 2.1.0 | 12.00 | 183.00 | 195.00 | OK | |
r-oldrel-macos-arm64 | 2.1.0 | 74.00 | OK | |||
r-oldrel-macos-x86_64 | 2.1.0 | 136.00 | OK | |||
r-oldrel-windows-x86_64 | 2.1.0 | 16.00 | 237.00 | 253.00 | OK |
Version: 2.1.0
Check: data for non-ASCII characters
Result: NOTE
Note: found 176 marked UTF-8 strings
Flavors: r-devel-linux-x86_64-fedora-clang, r-devel-linux-x86_64-fedora-gcc