Last updated on 2025-02-10 03:49:20 CET.
Flavor | Version | Tinstall | Tcheck | Ttotal | Status | Flags |
---|---|---|---|---|---|---|
r-devel-linux-x86_64-debian-clang | 1.0.2 | 8.00 | 68.56 | 76.56 | OK | |
r-devel-linux-x86_64-debian-gcc | 1.0.2 | 5.13 | 52.05 | 57.18 | OK | |
r-devel-linux-x86_64-fedora-clang | 1.0.2 | 135.10 | OK | |||
r-devel-linux-x86_64-fedora-gcc | 1.0.2 | 138.41 | OK | |||
r-devel-windows-x86_64 | 1.0.2 | 14.00 | 105.00 | 119.00 | OK | |
r-patched-linux-x86_64 | 1.0.2 | 7.77 | 67.48 | 75.25 | OK | |
r-release-linux-x86_64 | 1.0.2 | 6.72 | 66.51 | 73.23 | OK | |
r-release-macos-arm64 | 1.0.2 | 53.00 | OK | |||
r-release-macos-x86_64 | 1.0.2 | 76.00 | OK | |||
r-release-windows-x86_64 | 1.0.2 | 12.00 | 107.00 | 119.00 | OK | |
r-oldrel-macos-arm64 | 1.0.2 | 56.00 | NOTE | |||
r-oldrel-macos-x86_64 | 1.0.2 | 49.00 | OK | |||
r-oldrel-windows-x86_64 | 1.0.2 | 15.00 | 133.00 | 148.00 | OK |
Version: 1.0.2
Check: package dependencies
Result: NOTE
Package suggested but not available for checking: ‘PSCBS’
Flavor: r-oldrel-macos-arm64
Version: 1.0.2
Check: Rd cross-references
Result: NOTE
Package unavailable to check Rd xrefs: ‘PSCBS’
Flavor: r-oldrel-macos-arm64