Last updated on 2024-08-17 05:49:25 CEST.
Flavor | Version | Tinstall | Tcheck | Ttotal | Status | Flags |
---|---|---|---|---|---|---|
r-devel-linux-x86_64-debian-clang | 0.1.0 | 4.26 | 35.74 | 40.00 | OK | |
r-devel-linux-x86_64-debian-gcc | 0.1.0 | 2.83 | 27.62 | 30.45 | OK | |
r-devel-linux-x86_64-fedora-clang | 0.1.0 | 66.13 | NOTE | |||
r-devel-linux-x86_64-fedora-gcc | 0.1.0 | 60.93 | NOTE | |||
r-devel-windows-x86_64 | 0.1.0 | 5.00 | 60.00 | 65.00 | OK | |
r-patched-linux-x86_64 | 0.1.0 | 4.17 | 34.01 | 38.18 | OK | |
r-release-linux-x86_64 | 0.1.0 | 3.85 | 34.05 | 37.90 | OK | |
r-release-macos-arm64 | 0.1.0 | 22.00 | OK | |||
r-release-macos-x86_64 | 0.1.0 | 35.00 | OK | |||
r-release-windows-x86_64 | 0.1.0 | 7.00 | 64.00 | 71.00 | OK | |
r-oldrel-macos-arm64 | 0.1.0 | 23.00 | OK | |||
r-oldrel-macos-x86_64 | 0.1.0 | 29.00 | OK | |||
r-oldrel-windows-x86_64 | 0.1.0 | 6.00 | 65.00 | 71.00 | OK |
Version: 0.1.0
Check: data for non-ASCII characters
Result: NOTE
Note: found 1984 marked UTF-8 strings
Flavors: r-devel-linux-x86_64-fedora-clang, r-devel-linux-x86_64-fedora-gcc