Last updated on 2024-08-18 04:48:14 CEST.
Flavor | Version | Tinstall | Tcheck | Ttotal | Status | Flags |
---|---|---|---|---|---|---|
r-devel-linux-x86_64-debian-clang | 1.0.1 | 3.01 | 87.42 | 90.43 | OK | |
r-devel-linux-x86_64-debian-gcc | 1.0.1 | 2.66 | 63.73 | 66.39 | OK | |
r-devel-linux-x86_64-fedora-clang | 1.0.1 | 147.01 | OK | |||
r-devel-linux-x86_64-fedora-gcc | 1.0.1 | 156.09 | OK | |||
r-devel-windows-x86_64 | 1.0.1 | 10.00 | 102.00 | 112.00 | OK | |
r-patched-linux-x86_64 | 1.0.1 | 4.06 | 84.39 | 88.45 | OK | |
r-release-linux-x86_64 | 1.0.1 | 3.82 | 82.78 | 86.60 | OK | |
r-release-macos-arm64 | 1.0.1 | 54.00 | OK | |||
r-release-macos-x86_64 | 1.0.1 | 82.00 | OK | |||
r-release-windows-x86_64 | 1.0.1 | 9.00 | 109.00 | 118.00 | OK | |
r-oldrel-macos-arm64 | 1.0.1 | 32.00 | NOTE | |||
r-oldrel-macos-x86_64 | 1.0.1 | 42.00 | NOTE | |||
r-oldrel-windows-x86_64 | 1.0.1 | 8.00 | 125.00 | 133.00 | OK |
Version: 1.0.1
Check: package dependencies
Result: NOTE
Package suggested but not available for checking: ‘xcms’
Flavors: r-oldrel-macos-arm64, r-oldrel-macos-x86_64