Last updated on 2024-08-17 05:49:25 CEST.
Flavor | Version | Tinstall | Tcheck | Ttotal | Status | Flags |
---|---|---|---|---|---|---|
r-devel-linux-x86_64-debian-clang | 1.3 | 6.92 | 81.59 | 88.51 | NOTE | |
r-devel-linux-x86_64-debian-gcc | 1.3 | 5.24 | 57.34 | 62.58 | NOTE | |
r-devel-linux-x86_64-fedora-clang | 1.3 | 143.35 | OK | |||
r-devel-linux-x86_64-fedora-gcc | 1.3 | 149.14 | OK | |||
r-devel-windows-x86_64 | 1.3 | 9.00 | 103.00 | 112.00 | NOTE | |
r-patched-linux-x86_64 | 1.3 | 12.23 | 77.03 | 89.26 | OK | |
r-release-linux-x86_64 | 1.3 | 7.77 | 77.49 | 85.26 | OK | |
r-release-macos-arm64 | 1.3 | 51.00 | OK | |||
r-release-macos-x86_64 | 1.3 | 74.00 | OK | |||
r-release-windows-x86_64 | 1.3 | 10.00 | 103.00 | 113.00 | OK | |
r-oldrel-macos-arm64 | 1.3 | 54.00 | OK | |||
r-oldrel-macos-x86_64 | 1.3 | 85.00 | OK | |||
r-oldrel-windows-x86_64 | 1.3 | 11.00 | 128.00 | 139.00 | OK |
Version: 1.3
Check: Rd cross-references
Result: NOTE
Found the following Rd file(s) with Rd \link{} targets missing package
anchors:
parallel_coord.Rd: plotly
parameters_summarise.Rd: tibble
Please provide package anchors for all Rd \link{} targets not in the
package itself and the base packages.
Flavors: r-devel-linux-x86_64-debian-clang, r-devel-linux-x86_64-debian-gcc, r-devel-windows-x86_64