Last updated on 2025-02-11 03:50:11 CET.
Flavor | Version | Tinstall | Tcheck | Ttotal | Status | Flags |
---|---|---|---|---|---|---|
r-devel-linux-x86_64-debian-clang | 0.1.0 | 1.72 | 18.98 | 20.70 | OK | |
r-devel-linux-x86_64-debian-gcc | 0.1.0 | 1.32 | 15.68 | 17.00 | OK | |
r-devel-linux-x86_64-fedora-clang | 0.1.0 | 33.97 | OK | |||
r-devel-linux-x86_64-fedora-gcc | 0.1.0 | 31.17 | OK | |||
r-devel-windows-x86_64 | 0.1.0 | 4.00 | 40.00 | 44.00 | OK | |
r-patched-linux-x86_64 | 0.1.0 | 1.71 | 18.82 | 20.53 | NOTE | |
r-release-linux-x86_64 | 0.1.0 | 1.61 | 18.21 | 19.82 | NOTE | |
r-release-macos-arm64 | 0.1.0 | 15.00 | NOTE | |||
r-release-macos-x86_64 | 0.1.0 | 22.00 | NOTE | |||
r-release-windows-x86_64 | 0.1.0 | 4.00 | 42.00 | 46.00 | NOTE | |
r-oldrel-macos-arm64 | 0.1.0 | 16.00 | NOTE | |||
r-oldrel-macos-x86_64 | 0.1.0 | 20.00 | NOTE | |||
r-oldrel-windows-x86_64 | 0.1.0 | 3.00 | 44.00 | 47.00 | NOTE |
Version: 0.1.0
Check: LazyData
Result: NOTE
'LazyData' is specified without a 'data' directory
Flavors: r-patched-linux-x86_64, r-release-linux-x86_64, r-release-macos-arm64, r-release-macos-x86_64, r-release-windows-x86_64, r-oldrel-macos-arm64, r-oldrel-macos-x86_64, r-oldrel-windows-x86_64