Last updated on 2025-02-10 03:49:20 CET.
Flavor | Version | Tinstall | Tcheck | Ttotal | Status | Flags |
---|---|---|---|---|---|---|
r-devel-linux-x86_64-debian-clang | 0.6.6 | 16.60 | 146.11 | 162.71 | NOTE | |
r-devel-linux-x86_64-debian-gcc | 0.6.6 | 11.68 | 103.02 | 114.70 | NOTE | |
r-devel-linux-x86_64-fedora-clang | 0.6.6 | 262.16 | NOTE | |||
r-devel-linux-x86_64-fedora-gcc | 0.6.6 | 258.78 | NOTE | |||
r-devel-windows-x86_64 | 0.6.6 | 20.00 | 157.00 | 177.00 | NOTE | |
r-patched-linux-x86_64 | 0.6.6 | 15.35 | 139.29 | 154.64 | OK | |
r-release-linux-x86_64 | 0.6.6 | 13.48 | 132.79 | 146.27 | ERROR | |
r-release-macos-arm64 | 0.6.6 | 101.00 | OK | |||
r-release-macos-x86_64 | 0.6.6 | 202.00 | OK | |||
r-release-windows-x86_64 | 0.6.6 | 18.00 | 157.00 | 175.00 | OK | |
r-oldrel-macos-arm64 | 0.6.6 | 135.00 | OK | |||
r-oldrel-macos-x86_64 | 0.6.6 | 180.00 | OK | |||
r-oldrel-windows-x86_64 | 0.6.6 | 22.00 | 195.00 | 217.00 | OK |
Version: 0.6.6
Check: DESCRIPTION meta-information
Result: NOTE
Missing dependency on R >= 4.1.0 because package code uses the pipe
|> or function shorthand \(...) syntax added in R 4.1.0.
File(s) using such syntax:
‘tarpuy_traits.R’
Flavors: r-devel-linux-x86_64-debian-clang, r-devel-linux-x86_64-debian-gcc, r-devel-linux-x86_64-fedora-clang, r-devel-linux-x86_64-fedora-gcc, r-devel-windows-x86_64
Version: 0.6.6
Check: re-building of vignette outputs
Result: ERROR
Error(s) in re-building vignettes:
...
--- re-building ‘apps.Rmd’ using rmarkdown
--- finished re-building ‘apps.Rmd’
--- re-building ‘heritability.Rmd’ using rmarkdown
** Processing: /home/hornik/tmp/R.check/r-release-gcc/Work/PKGS/inti.Rcheck/vign_test/inti/vignettes/heritability_files/figure-html/unnamed-chunk-2-1.png
672x480 pixels, 8 bits/pixel, 256 colors in palette
Reducing image to 8 bits/pixel, grayscale
Input IDAT size = 34264 bytes
Input file size = 35170 bytes
Trying:
zc = 9 zm = 8 zs = 0 f = 0 IDAT size = 31971
zc = 9 zm = 8 zs = 1 f = 0
zc = 1 zm = 8 zs = 2 f = 0
zc = 9 zm = 8 zs = 3 f = 0
zc = 9 zm = 8 zs = 0 f = 5
zc = 9 zm = 8 zs = 1 f = 5
zc = 1 zm = 8 zs = 2 f = 5
zc = 9 zm = 8 zs = 3 f = 5
Selecting parameters:
zc = 9 zm = 8 zs = 0 f = 0 IDAT size = 31971
Output IDAT size = 31971 bytes (2293 bytes decrease)
Output file size = 32049 bytes (3121 bytes = 8.87% decrease)
--- finished re-building ‘heritability.Rmd’
--- re-building ‘policy.Rmd’ using rmarkdown
--- finished re-building ‘policy.Rmd’
--- re-building ‘rticles.Rmd’ using rmarkdown
--- finished re-building ‘rticles.Rmd’
--- re-building ‘tarpuy.Rmd’ using rmarkdown
Quitting from lines 49-53 [unnamed-chunk-1] (tarpuy.Rmd)
Error: processing vignette 'tarpuy.Rmd' failed with diagnostics:
Unable to retrieve document. Is 'share by link' enabled for this sheet?
--- failed re-building ‘tarpuy.Rmd’
--- re-building ‘yupana.Rmd’ using rmarkdown
--- finished re-building ‘yupana.Rmd’
SUMMARY: processing the following file failed:
‘tarpuy.Rmd’
Error: Vignette re-building failed.
Execution halted
Flavor: r-release-linux-x86_64