Last updated on 2025-02-10 03:49:20 CET.
Flavor | Version | Tinstall | Tcheck | Ttotal | Status | Flags |
---|---|---|---|---|---|---|
r-devel-linux-x86_64-debian-clang | 0.1.1 | 10.61 | 171.63 | 182.24 | OK | |
r-devel-linux-x86_64-debian-gcc | 0.1.1 | 6.76 | 122.28 | 129.04 | OK | |
r-devel-linux-x86_64-fedora-clang | 0.1.1 | 313.20 | NOTE | |||
r-devel-linux-x86_64-fedora-gcc | 0.1.1 | 294.72 | NOTE | |||
r-devel-windows-x86_64 | 0.1.1 | 13.00 | 170.00 | 183.00 | OK | |
r-patched-linux-x86_64 | 0.1.1 | 7.68 | 159.88 | 167.56 | OK | |
r-release-linux-x86_64 | 0.1.1 | 9.41 | 159.15 | 168.56 | OK | |
r-release-macos-arm64 | 0.1.1 | 90.00 | OK | |||
r-release-macos-x86_64 | 0.1.1 | 133.00 | OK | |||
r-release-windows-x86_64 | 0.1.1 | 13.00 | 175.00 | 188.00 | OK | |
r-oldrel-macos-arm64 | 0.1.1 | 90.00 | OK | |||
r-oldrel-macos-x86_64 | 0.1.1 | 168.00 | OK | |||
r-oldrel-windows-x86_64 | 0.1.1 | 15.00 | 206.00 | 221.00 | OK |
Version: 0.1.1
Check: dependencies in R code
Result: NOTE
Namespace in Imports field not imported from: ‘moonBook’
All declared Imports should be used.
Flavors: r-devel-linux-x86_64-fedora-clang, r-devel-linux-x86_64-fedora-gcc