Last updated on 2025-02-04 05:50:21 CET.
Flavor | Version | Tinstall | Tcheck | Ttotal | Status | Flags |
---|---|---|---|---|---|---|
r-devel-linux-x86_64-debian-clang | 1.0.8 | 178.00 | 123.17 | 301.17 | OK | |
r-devel-linux-x86_64-debian-gcc | 1.0.8 | 135.15 | 86.81 | 221.96 | OK | |
r-devel-linux-x86_64-fedora-clang | 1.0.8 | 555.62 | OK | |||
r-devel-linux-x86_64-fedora-gcc | 1.0.8 | 596.17 | OK | |||
r-devel-windows-x86_64 | 1.0.8 | 189.00 | 160.00 | 349.00 | OK | |
r-patched-linux-x86_64 | 1.0.8 | 188.70 | 116.28 | 304.98 | OK | |
r-release-linux-x86_64 | 1.0.8 | 173.57 | 119.03 | 292.60 | OK | |
r-release-macos-arm64 | 1.0.8 | 72.00 | NOTE | |||
r-release-macos-x86_64 | 1.0.8 | 89.00 | NOTE | |||
r-release-windows-x86_64 | 1.0.8 | 179.00 | 0.00 | 179.00 | FAIL | |
r-oldrel-macos-arm64 | 1.0.8 | 129.00 | NOTE | |||
r-oldrel-macos-x86_64 | 1.0.8 | 275.00 | NOTE | |||
r-oldrel-windows-x86_64 | 1.0.8 | 228.00 | 205.00 | 433.00 | OK |
Version: 1.0.8
Check: installed package size
Result: NOTE
installed size is 12.3Mb
sub-directories of 1Mb or more:
libs 11.0Mb
Flavors: r-release-macos-arm64, r-release-macos-x86_64, r-oldrel-macos-arm64, r-oldrel-macos-x86_64
Version: 1.0.8
Check: PDF version of manual
Result: FAIL
Check process probably crashed or hung up for 20 minutes ... killed
Most likely this happened in the example checks (?),
if not, ignore the following last lines of example output:
g4 0.0658743327
g5 0.3460084473
g6 0.0000000000
>
> table_to_matrix(
+ network_table,
+ regulators = c("g1", "g2"),
+ targets = c("g3", "g4")
+ )
g3 g4
g1 0.009268191 -0.01975279
g2 0.281429934 0.01135446
>
>
>
> ### * <FOOTER>
> ###
> cleanEx()
> options(digits = 7L)
> base::cat("Time elapsed: ", proc.time() - base::get("ptime", pos = 'CheckExEnv'),"\n")
Time elapsed: 30.5 1.83 37.86 NA NA
> grDevices::dev.off()
null device
1
> ###
> ### Local variables: ***
> ### mode: outline-minor ***
> ### outline-regexp: "\\(> \\)?### [*]+" ***
> ### End: ***
> quit('no')
======== End of example output (where/before crash/hang up occured ?) ========
Flavor: r-release-windows-x86_64