Last updated on 2025-02-10 03:49:20 CET.
Flavor | Version | Tinstall | Tcheck | Ttotal | Status | Flags |
---|---|---|---|---|---|---|
r-devel-linux-x86_64-debian-clang | 1.0.2 | 56.13 | 131.95 | 188.08 | NOTE | |
r-devel-linux-x86_64-debian-gcc | 1.0.2 | 46.80 | 97.88 | 144.68 | NOTE | |
r-devel-linux-x86_64-fedora-clang | 1.0.2 | 302.72 | NOTE | |||
r-devel-linux-x86_64-fedora-gcc | 1.0.2 | 293.99 | NOTE | |||
r-devel-windows-x86_64 | 1.0.2 | 55.00 | 128.00 | 183.00 | NOTE | |
r-patched-linux-x86_64 | 1.0.2 | 46.98 | 121.95 | 168.93 | OK | |
r-release-linux-x86_64 | 1.0.2 | 54.39 | 120.42 | 174.81 | OK | |
r-release-macos-arm64 | 1.0.2 | 106.00 | NOTE | |||
r-release-macos-x86_64 | 1.0.2 | 260.00 | NOTE | |||
r-release-windows-x86_64 | 1.0.2 | 55.00 | 128.00 | 183.00 | NOTE | |
r-oldrel-macos-arm64 | 1.0.2 | 113.00 | NOTE | |||
r-oldrel-macos-x86_64 | 1.0.2 | 203.00 | NOTE | |||
r-oldrel-windows-x86_64 | 1.0.2 | 71.00 | 161.00 | 232.00 | NOTE |
Version: 1.0.2
Check: DESCRIPTION meta-information
Result: NOTE
Missing dependency on R >= 4.1.0 because package code uses the pipe
|> or function shorthand \(...) syntax added in R 4.1.0.
File(s) using such syntax:
‘impute_data.R’
Flavors: r-devel-linux-x86_64-debian-clang, r-devel-linux-x86_64-debian-gcc, r-devel-linux-x86_64-fedora-clang, r-devel-linux-x86_64-fedora-gcc, r-devel-windows-x86_64
Version: 1.0.2
Check: installed package size
Result: NOTE
installed size is 7.0Mb
sub-directories of 1Mb or more:
R 6.4Mb
Flavors: r-release-macos-arm64, r-release-macos-x86_64, r-release-windows-x86_64, r-oldrel-macos-arm64, r-oldrel-macos-x86_64, r-oldrel-windows-x86_64