Last updated on 2024-08-17 05:49:25 CEST.
Flavor | Version | Tinstall | Tcheck | Ttotal | Status | Flags |
---|---|---|---|---|---|---|
r-devel-linux-x86_64-debian-clang | 1.2.1 | 5.52 | 48.17 | 53.69 | NOTE | |
r-devel-linux-x86_64-debian-gcc | 1.2.1 | 3.95 | 35.10 | 39.05 | NOTE | |
r-devel-linux-x86_64-fedora-clang | 1.2.1 | 86.65 | NOTE | |||
r-devel-linux-x86_64-fedora-gcc | 1.2.1 | 80.79 | NOTE | |||
r-devel-windows-x86_64 | 1.2.1 | 6.00 | 63.00 | 69.00 | NOTE | |
r-patched-linux-x86_64 | 1.2.1 | 5.60 | 46.15 | 51.75 | NOTE | |
r-release-linux-x86_64 | 1.2.1 | 5.61 | 45.88 | 51.49 | NOTE | |
r-release-macos-arm64 | 1.2.1 | 38.00 | NOTE | |||
r-release-macos-x86_64 | 1.2.1 | 48.00 | NOTE | |||
r-release-windows-x86_64 | 1.2.1 | 8.00 | 73.00 | 81.00 | NOTE | |
r-oldrel-macos-arm64 | 1.2.1 | 33.00 | NOTE | |||
r-oldrel-macos-x86_64 | 1.2.1 | 42.00 | NOTE | |||
r-oldrel-windows-x86_64 | 1.2.1 | 9.00 | 73.00 | 82.00 | NOTE |
Version: 1.2.1
Check: LazyData
Result: NOTE
'LazyData' is specified without a 'data' directory
Flavors: r-devel-linux-x86_64-debian-clang, r-devel-linux-x86_64-debian-gcc, r-devel-linux-x86_64-fedora-clang, r-devel-linux-x86_64-fedora-gcc, r-devel-windows-x86_64, r-patched-linux-x86_64, r-release-linux-x86_64, r-release-macos-arm64, r-release-macos-x86_64, r-release-windows-x86_64, r-oldrel-macos-arm64, r-oldrel-macos-x86_64, r-oldrel-windows-x86_64