Last updated on 2024-08-17 05:49:24 CEST.
Flavor | Version | Tinstall | Tcheck | Ttotal | Status | Flags |
---|---|---|---|---|---|---|
r-devel-linux-x86_64-debian-clang | 1.0.2 | 37.54 | 302.89 | 340.43 | OK | |
r-devel-linux-x86_64-debian-gcc | 1.0.2 | 27.98 | 200.75 | 228.73 | OK | |
r-devel-linux-x86_64-fedora-clang | 1.0.2 | 551.10 | NOTE | |||
r-devel-linux-x86_64-fedora-gcc | 1.0.2 | 513.08 | NOTE | |||
r-devel-windows-x86_64 | 1.0.2 | 36.00 | 231.00 | 267.00 | OK | |
r-patched-linux-x86_64 | 1.0.2 | 38.38 | 280.11 | 318.49 | OK | |
r-release-linux-x86_64 | 1.0.2 | 36.97 | 283.33 | 320.30 | OK | |
r-release-macos-arm64 | 1.0.2 | 120.00 | OK | |||
r-release-macos-x86_64 | 1.0.2 | 192.00 | OK | |||
r-release-windows-x86_64 | 1.0.2 | 34.00 | 250.00 | 284.00 | OK | |
r-oldrel-macos-arm64 | 1.0.2 | 130.00 | OK | |||
r-oldrel-macos-x86_64 | 1.0.2 | 227.00 | OK | |||
r-oldrel-windows-x86_64 | 1.0.2 | 49.00 | 335.00 | 384.00 | OK |
Version: 1.0.2
Check: dependencies in R code
Result: NOTE
Namespace in Imports field not imported from: ‘methods’
All declared Imports should be used.
Flavors: r-devel-linux-x86_64-fedora-clang, r-devel-linux-x86_64-fedora-gcc