Last updated on 2024-08-17 05:49:24 CEST.
Flavor | Version | Tinstall | Tcheck | Ttotal | Status | Flags |
---|---|---|---|---|---|---|
r-devel-linux-x86_64-debian-clang | 1.0.2 | 7.99 | 108.82 | 116.81 | OK | |
r-devel-linux-x86_64-debian-gcc | 1.0.2 | 6.36 | 78.23 | 84.59 | OK | |
r-devel-linux-x86_64-fedora-clang | 1.0.2 | 192.41 | OK | |||
r-devel-linux-x86_64-fedora-gcc | 1.0.2 | 193.23 | OK | |||
r-devel-windows-x86_64 | 1.0.2 | 19.00 | 133.00 | 152.00 | OK | |
r-patched-linux-x86_64 | 1.0.2 | 9.17 | 105.61 | 114.78 | OK | |
r-release-linux-x86_64 | 1.0.2 | 8.15 | 105.64 | 113.79 | OK | |
r-release-macos-arm64 | 1.0.2 | 71.00 | OK | |||
r-release-macos-x86_64 | 1.0.2 | 136.00 | OK | |||
r-release-windows-x86_64 | 1.0.2 | 21.00 | 132.00 | 153.00 | OK | |
r-oldrel-macos-arm64 | 1.0.2 | 87.00 | ERROR | |||
r-oldrel-macos-x86_64 | 1.0.2 | 131.00 | ERROR | |||
r-oldrel-windows-x86_64 | 1.0.2 | 25.00 | 150.00 | 175.00 | OK |
Version: 1.0.2
Check: running R code from vignettes
Result: ERROR
Errors in running code in vignettes:
when running code in ‘httr2.Rmd’
...
.. ..$ type : chr "office"
.. ..$ number: chr "646 555-4567"
$ children : list()
$ spouse : NULL
> req_perform(req_url_path(request(example_url()), "/status/404"))
When sourcing ‘httr2.R’:
Error: HTTP 404 Not Found.
Execution halted
‘httr2.Rmd’ using ‘UTF-8’... failed
Flavors: r-oldrel-macos-arm64, r-oldrel-macos-x86_64