Last updated on 2024-08-17 05:49:24 CEST.
Flavor | Version | Tinstall | Tcheck | Ttotal | Status | Flags |
---|---|---|---|---|---|---|
r-devel-linux-x86_64-debian-clang | 2.3.1 | 20.54 | 63.04 | 83.58 | NOTE | |
r-devel-linux-x86_64-debian-gcc | 2.3.1 | 14.56 | 46.45 | 61.01 | NOTE | |
r-devel-linux-x86_64-fedora-clang | 2.3.1 | 138.86 | NOTE | |||
r-devel-linux-x86_64-fedora-gcc | 2.3.1 | 149.82 | NOTE | |||
r-devel-windows-x86_64 | 2.3.1 | 23.00 | 101.00 | 124.00 | NOTE | |
r-patched-linux-x86_64 | 2.3.1 | 20.73 | 58.12 | 78.85 | NOTE | |
r-release-linux-x86_64 | 2.3.1 | 20.76 | 59.40 | 80.16 | NOTE | |
r-release-macos-arm64 | 2.3.1 | 40.00 | NOTE | |||
r-release-macos-x86_64 | 2.3.1 | 65.00 | NOTE | |||
r-release-windows-x86_64 | 2.3.1 | 23.00 | 167.00 | 190.00 | NOTE | |
r-oldrel-macos-arm64 | 2.3.1 | 63.00 | NOTE | |||
r-oldrel-macos-x86_64 | 2.3.1 | 100.00 | NOTE | |||
r-oldrel-windows-x86_64 | 2.3.1 | 26.00 | 122.00 | 148.00 | NOTE |
Version: 2.3.1
Check: for GNU extensions in Makefiles
Result: NOTE
GNU make is a SystemRequirements.
Flavors: r-devel-linux-x86_64-debian-clang, r-devel-linux-x86_64-debian-gcc, r-devel-linux-x86_64-fedora-clang, r-devel-linux-x86_64-fedora-gcc, r-devel-windows-x86_64, r-patched-linux-x86_64, r-release-linux-x86_64, r-release-macos-arm64, r-release-macos-x86_64, r-release-windows-x86_64, r-oldrel-macos-arm64, r-oldrel-macos-x86_64, r-oldrel-windows-x86_64
Version: 2.3.1
Check: installed package size
Result: NOTE
installed size is 5.2Mb
sub-directories of 1Mb or more:
R 1.6Mb
doc 1.9Mb
libs 1.4Mb
Flavors: r-release-macos-arm64, r-release-macos-x86_64, r-oldrel-macos-arm64, r-oldrel-macos-x86_64