Last updated on 2024-08-17 05:49:24 CEST.
Flavor | Version | Tinstall | Tcheck | Ttotal | Status | Flags |
---|---|---|---|---|---|---|
r-devel-linux-x86_64-debian-clang | 0.3.0 | 18.91 | 194.22 | 213.13 | OK | |
r-devel-linux-x86_64-debian-gcc | 0.3.0 | 12.31 | 132.38 | 144.69 | OK | |
r-devel-linux-x86_64-fedora-clang | 0.3.0 | 349.53 | NOTE | |||
r-devel-linux-x86_64-fedora-gcc | 0.3.0 | 332.57 | OK | |||
r-devel-windows-x86_64 | 0.3.0 | 20.00 | 211.00 | 231.00 | NOTE | |
r-patched-linux-x86_64 | 0.3.0 | 17.36 | 180.96 | 198.32 | OK | |
r-release-linux-x86_64 | 0.3.0 | 17.41 | 183.76 | 201.17 | OK | |
r-release-macos-arm64 | 0.3.0 | 90.00 | NOTE | |||
r-release-macos-x86_64 | 0.3.0 | 146.00 | NOTE | |||
r-release-windows-x86_64 | 0.3.0 | 20.00 | 274.00 | 294.00 | NOTE | |
r-oldrel-macos-arm64 | 0.3.0 | 92.00 | NOTE | |||
r-oldrel-macos-x86_64 | 0.3.0 | 242.00 | NOTE | |||
r-oldrel-windows-x86_64 | 0.3.0 | 28.00 | 269.00 | 297.00 | NOTE |
Version: 0.3.0
Check: installed package size
Result: NOTE
installed size is 6.2Mb
sub-directories of 1Mb or more:
doc 5.2Mb
Flavors: r-devel-linux-x86_64-fedora-clang, r-devel-windows-x86_64, r-release-macos-arm64, r-release-macos-x86_64, r-release-windows-x86_64, r-oldrel-macos-arm64, r-oldrel-macos-x86_64, r-oldrel-windows-x86_64