Last updated on 2025-02-10 03:49:19 CET.
Flavor | Version | Tinstall | Tcheck | Ttotal | Status | Flags |
---|---|---|---|---|---|---|
r-devel-linux-x86_64-debian-clang | 0.9.0 | 22.56 | 36.06 | 58.62 | NOTE | |
r-devel-linux-x86_64-debian-gcc | 0.9.0 | 15.48 | 29.88 | 45.36 | NOTE | |
r-devel-linux-x86_64-fedora-clang | 0.9.0 | 110.60 | NOTE | |||
r-devel-linux-x86_64-fedora-gcc | 0.9.0 | 121.26 | NOTE | |||
r-devel-windows-x86_64 | 0.9.0 | 24.00 | 77.00 | 101.00 | NOTE | |
r-patched-linux-x86_64 | 0.9.0 | 23.10 | 34.83 | 57.93 | NOTE | |
r-release-linux-x86_64 | 0.9.0 | 22.26 | 35.41 | 57.67 | NOTE | |
r-release-macos-arm64 | 0.9.0 | 49.00 | NOTE | |||
r-release-macos-x86_64 | 0.9.0 | 66.00 | NOTE | |||
r-release-windows-x86_64 | 0.9.0 | 23.00 | 78.00 | 101.00 | NOTE | |
r-oldrel-macos-arm64 | 0.9.0 | 46.00 | NOTE | |||
r-oldrel-macos-x86_64 | 0.9.0 | 69.00 | NOTE | |||
r-oldrel-windows-x86_64 | 0.9.0 | 28.00 | 83.00 | 111.00 | NOTE |
Version: 0.9.0
Check: C++ specification
Result: NOTE
Specified C++11: please drop specification unless essential
Flavors: r-devel-linux-x86_64-debian-clang, r-devel-linux-x86_64-debian-gcc, r-devel-linux-x86_64-fedora-clang, r-devel-linux-x86_64-fedora-gcc, r-devel-windows-x86_64, r-patched-linux-x86_64, r-release-linux-x86_64, r-release-macos-arm64, r-release-macos-x86_64, r-release-windows-x86_64, r-oldrel-macos-arm64, r-oldrel-macos-x86_64, r-oldrel-windows-x86_64