Last updated on 2024-08-17 05:49:24 CEST.
Flavor | Version | Tinstall | Tcheck | Ttotal | Status | Flags |
---|---|---|---|---|---|---|
r-devel-linux-x86_64-debian-clang | 0.1.0 | 13.35 | 98.63 | 111.98 | NOTE | |
r-devel-linux-x86_64-debian-gcc | 0.1.0 | 9.69 | 70.61 | 80.30 | NOTE | |
r-devel-linux-x86_64-fedora-clang | 0.1.0 | 176.85 | NOTE | |||
r-devel-linux-x86_64-fedora-gcc | 0.1.0 | 165.46 | NOTE | |||
r-devel-windows-x86_64 | 0.1.0 | 14.00 | 100.00 | 114.00 | NOTE | |
r-patched-linux-x86_64 | 0.1.0 | 11.84 | 93.27 | 105.11 | NOTE | |
r-release-linux-x86_64 | 0.1.0 | 11.13 | 92.34 | 103.47 | NOTE | |
r-release-macos-arm64 | 0.1.0 | 49.00 | NOTE | |||
r-release-macos-x86_64 | 0.1.0 | 71.00 | NOTE | |||
r-release-windows-x86_64 | 0.1.0 | 16.00 | 108.00 | 124.00 | NOTE | |
r-oldrel-macos-arm64 | 0.1.0 | 48.00 | NOTE | |||
r-oldrel-macos-x86_64 | 0.1.0 | 76.00 | NOTE | |||
r-oldrel-windows-x86_64 | 0.1.0 | 18.00 | 126.00 | 144.00 | NOTE |
Version: 0.1.0
Check: LazyData
Result: NOTE
'LazyData' is specified without a 'data' directory
Flavors: r-devel-linux-x86_64-debian-clang, r-devel-linux-x86_64-debian-gcc, r-devel-linux-x86_64-fedora-clang, r-devel-linux-x86_64-fedora-gcc, r-devel-windows-x86_64, r-patched-linux-x86_64, r-release-linux-x86_64, r-release-macos-arm64, r-release-macos-x86_64, r-release-windows-x86_64, r-oldrel-macos-arm64, r-oldrel-macos-x86_64, r-oldrel-windows-x86_64