Last updated on 2025-02-04 05:50:20 CET.
Flavor | Version | Tinstall | Tcheck | Ttotal | Status | Flags |
---|---|---|---|---|---|---|
r-devel-linux-x86_64-debian-clang | 3.9.5 | 3.76 | 41.79 | 45.55 | NOTE | |
r-devel-linux-x86_64-debian-gcc | 3.9.5 | 3.10 | 30.67 | 33.77 | NOTE | |
r-devel-linux-x86_64-fedora-clang | 3.9.5 | 76.63 | NOTE | |||
r-devel-linux-x86_64-fedora-gcc | 3.9.5 | 69.41 | NOTE | |||
r-devel-windows-x86_64 | 3.9.5 | 8.00 | 66.00 | 74.00 | OK | |
r-patched-linux-x86_64 | 3.9.5 | 4.89 | 39.81 | 44.70 | NOTE | |
r-release-linux-x86_64 | 3.9.5 | 3.23 | 38.83 | 42.06 | NOTE | |
r-release-macos-arm64 | 3.9.5 | 30.00 | OK | |||
r-release-macos-x86_64 | 3.9.5 | 38.00 | OK | |||
r-release-windows-x86_64 | 3.9.5 | 10.00 | 64.00 | 74.00 | OK | |
r-oldrel-macos-arm64 | 3.9.5 | 42.00 | OK | |||
r-oldrel-macos-x86_64 | 3.9.5 | 111.00 | OK | |||
r-oldrel-windows-x86_64 | 3.9.5 | 10.00 | 72.00 | 82.00 | OK |
Version: 3.9.5
Check: Rd cross-references
Result: NOTE
Unknown package ‘taxize’ in Rd xrefs
Flavors: r-devel-linux-x86_64-debian-clang, r-devel-linux-x86_64-debian-gcc, r-devel-linux-x86_64-fedora-clang, r-devel-linux-x86_64-fedora-gcc, r-patched-linux-x86_64, r-release-linux-x86_64
Version: 3.9.5
Check: package dependencies
Result: NOTE
Package suggested but not available for checking: ‘taxize’
Flavors: r-patched-linux-x86_64, r-release-linux-x86_64