Last updated on 2024-08-17 05:49:24 CEST.
Flavor | Version | Tinstall | Tcheck | Ttotal | Status | Flags |
---|---|---|---|---|---|---|
r-devel-linux-x86_64-debian-clang | 0.11.0 | 30.92 | 243.31 | 274.23 | OK | |
r-devel-linux-x86_64-debian-gcc | 0.11.0 | 20.75 | 151.26 | 172.01 | OK | |
r-devel-linux-x86_64-fedora-clang | 0.11.0 | 434.00 | NOTE | |||
r-devel-linux-x86_64-fedora-gcc | 0.11.0 | 400.63 | NOTE | |||
r-devel-windows-x86_64 | 0.11.0 | 38.00 | 246.00 | 284.00 | NOTE | |
r-patched-linux-x86_64 | 0.11.0 | 48.07 | 220.73 | 268.80 | OK | |
r-release-linux-x86_64 | 0.11.0 | 26.00 | 222.47 | 248.47 | OK | |
r-release-macos-arm64 | 0.11.0 | 104.00 | NOTE | |||
r-release-macos-x86_64 | 0.11.0 | 278.00 | NOTE | |||
r-release-windows-x86_64 | 0.11.0 | 40.00 | 243.00 | 283.00 | NOTE | |
r-oldrel-macos-arm64 | 0.11.0 | 97.00 | NOTE | |||
r-oldrel-macos-x86_64 | 0.11.0 | 181.00 | NOTE | |||
r-oldrel-windows-x86_64 | 0.11.0 | 50.00 | 299.00 | 349.00 | NOTE |
Version: 0.11.0
Check: installed package size
Result: NOTE
installed size is 6.4Mb
sub-directories of 1Mb or more:
R 2.0Mb
data 1.0Mb
help 2.0Mb
Flavors: r-devel-linux-x86_64-fedora-clang, r-devel-windows-x86_64, r-release-macos-arm64, r-release-macos-x86_64, r-release-windows-x86_64, r-oldrel-macos-arm64, r-oldrel-macos-x86_64, r-oldrel-windows-x86_64
Version: 0.11.0
Check: data for non-ASCII characters
Result: NOTE
Note: found 755 marked UTF-8 strings
Flavors: r-devel-linux-x86_64-fedora-clang, r-devel-linux-x86_64-fedora-gcc